CRAN Package Check Results for Package frequentdirections

Last updated on 2022-09-24 21:51:02 CEST.

Flavor Version Tinstall Tcheck Ttotal Status Flags
r-devel-linux-x86_64-debian-clang 0.1.0 1.96 26.95 28.91 NOTE
r-devel-linux-x86_64-debian-gcc 0.1.0 1.77 21.00 22.77 NOTE
r-devel-linux-x86_64-fedora-clang 0.1.0 45.94 NOTE
r-devel-linux-x86_64-fedora-gcc 0.1.0 47.54 NOTE
r-devel-windows-x86_64 0.1.0 18.00 54.00 72.00 NOTE
r-patched-linux-x86_64 0.1.0 2.24 26.41 28.65 NOTE
r-release-linux-x86_64 0.1.0 1.52 25.76 27.28 NOTE
r-release-macos-arm64 0.1.0 16.00 NOTE
r-release-macos-x86_64 0.1.0 28.00 NOTE
r-release-windows-x86_64 0.1.0 19.00 53.00 72.00 NOTE
r-oldrel-macos-arm64 0.1.0 20.00 NOTE
r-oldrel-macos-x86_64 0.1.0 29.00 NOTE
r-oldrel-windows-ix86+x86_64 0.1.0 6.00 48.00 54.00 NOTE

Check Details

Version: 0.1.0
Check: LazyData
Result: NOTE
     'LazyData' is specified without a 'data' directory
Flavors: r-devel-linux-x86_64-debian-clang, r-devel-linux-x86_64-debian-gcc, r-devel-linux-x86_64-fedora-clang, r-devel-linux-x86_64-fedora-gcc, r-devel-windows-x86_64, r-patched-linux-x86_64, r-release-linux-x86_64, r-release-macos-arm64, r-release-macos-x86_64, r-release-windows-x86_64, r-oldrel-macos-arm64, r-oldrel-macos-x86_64, r-oldrel-windows-ix86+x86_64