CRAN Package Check Results for Package frenchCurve

Last updated on 2025-11-23 20:48:48 CET.

Flavor Version Tinstall Tcheck Ttotal Status Flags
r-devel-linux-x86_64-debian-clang 0.2.0 2.65 37.84 40.49 NOTE
r-devel-linux-x86_64-debian-gcc 0.2.0 2.11 30.29 32.40 NOTE
r-devel-linux-x86_64-fedora-clang 0.2.0 13.00 51.89 64.89 OK
r-devel-linux-x86_64-fedora-gcc 0.2.0 72.52 OK
r-devel-windows-x86_64 0.2.0 5.00 54.00 59.00 OK
r-patched-linux-x86_64 0.2.0 2.96 35.94 38.90 OK
r-release-linux-x86_64 0.2.0 2.55 35.75 38.30 OK
r-release-macos-arm64 0.2.0 OK
r-release-macos-x86_64 0.2.0 2.00 44.00 46.00 OK
r-release-windows-x86_64 0.2.0 6.00 51.00 57.00 OK
r-oldrel-macos-arm64 0.2.0 OK
r-oldrel-macos-x86_64 0.2.0 2.00 35.00 37.00 OK
r-oldrel-windows-x86_64 0.2.0 6.00 60.00 66.00 OK

Check Details

Version: 0.2.0
Check: CRAN incoming feasibility
Result: NOTE Maintainer: ‘Bill Venables <Bill.Venables@gmail.com>’ No Authors@R field in DESCRIPTION. Please add one, modifying Authors@R: person(given = "Bill", family = "Venables", role = c("aut", "cre"), email = "bill.venables@gmail.com") as necessary. Flavors: r-devel-linux-x86_64-debian-clang, r-devel-linux-x86_64-debian-gcc