Last updated on 2023-12-05 20:49:31 CET.
Flavor | Version | Tinstall | Tcheck | Ttotal | Status | Flags |
---|---|---|---|---|---|---|
r-devel-linux-x86_64-debian-clang | 2.1.0 | 4.49 | 60.07 | 64.56 | OK | |
r-devel-linux-x86_64-debian-gcc | 2.1.0 | 3.42 | 46.33 | 49.75 | OK | |
r-devel-linux-x86_64-fedora-clang | 2.1.0 | 83.02 | NOTE | |||
r-devel-linux-x86_64-fedora-gcc | 2.1.0 | 87.55 | NOTE | |||
r-devel-windows-x86_64 | 2.1.0 | 6.00 | 77.00 | 83.00 | OK | |
r-patched-linux-x86_64 | 2.1.0 | 6.17 | 58.33 | 64.50 | OK | |
r-release-linux-x86_64 | 2.1.0 | 4.26 | 58.26 | 62.52 | OK | |
r-release-macos-arm64 | 2.1.0 | 41.00 | OK | |||
r-release-macos-x86_64 | 2.1.0 | 55.00 | OK | |||
r-release-windows-x86_64 | 2.1.0 | 7.00 | 83.00 | 90.00 | OK | |
r-oldrel-macos-arm64 | 2.1.0 | 34.00 | NOTE | |||
r-oldrel-macos-x86_64 | 2.1.0 | 44.00 | NOTE | |||
r-oldrel-windows-x86_64 | 2.1.0 | 7.00 | 79.00 | 86.00 | OK |
Version: 2.1.0
Check: data for non-ASCII characters
Result: NOTE
Note: found 1 marked UTF-8 string
Flavors: r-devel-linux-x86_64-fedora-clang, r-devel-linux-x86_64-fedora-gcc, r-oldrel-macos-arm64, r-oldrel-macos-x86_64