CRAN Package Check Results for Package frbs

Last updated on 2024-05-20 20:53:58 CEST.

Flavor Version Tinstall Tcheck Ttotal Status Flags
r-devel-linux-x86_64-debian-clang 3.2-0 14.66 317.50 332.16 NOTE
r-devel-linux-x86_64-debian-gcc 3.2-0 8.21 210.34 218.55 NOTE
r-devel-linux-x86_64-fedora-clang 3.2-0 403.52 NOTE
r-devel-linux-x86_64-fedora-gcc 3.2-0 372.50 NOTE
r-devel-windows-x86_64 3.2-0 11.00 239.00 250.00 NOTE
r-patched-linux-x86_64 3.2-0 15.11 311.02 326.13 NOTE
r-release-linux-x86_64 3.2-0 10.09 301.55 311.64 NOTE
r-release-macos-arm64 3.2-0 87.00 NOTE
r-release-windows-x86_64 3.2-0 11.00 242.00 253.00 NOTE
r-oldrel-macos-arm64 3.2-0 136.00 OK
r-oldrel-macos-x86_64 3.2-0 251.00 NOTE
r-oldrel-windows-x86_64 3.2-0 12.00 269.00 281.00 OK

Check Details

Version: 3.2-0
Check: Rd files
Result: NOTE checkRd: (-1) summary.frbs.Rd:32: Lost braces 32 | \code{"GAUSSIAN"}, code{"TRIANGLE"}, \code{"TRAPEZOID"}, \code{"SIGMOID"}, and \code{"BELL"}. | ^ checkRd: (-1) summary.frbs.Rd:60: Lost braces; missing escapes or markup? 60 | {4.0, 0.23, 0.43, 0.53, 0.73} on its column. It means that the label a.2 of variable v.1 | ^ Flavors: r-devel-linux-x86_64-debian-clang, r-devel-linux-x86_64-debian-gcc, r-devel-linux-x86_64-fedora-clang, r-devel-linux-x86_64-fedora-gcc, r-devel-windows-x86_64, r-patched-linux-x86_64, r-release-linux-x86_64, r-release-macos-arm64, r-release-windows-x86_64

Version: 3.2-0
Check: re-building of vignette outputs
Result: NOTE Error(s) in re-building vignettes: --- re-building ‘lala2015frbs.ltx’ using tex --- finished re-building ‘lala2015frbs.ltx’ --- re-building ‘lala2015pmml.Rtex’ using Sweave Warning in mean.default((real.val - res.test)^2) : argument is not numeric or logical: returning NA Error: processing vignette 'lala2015pmml.Rtex' failed with diagnostics: Running 'texi2dvi' on 'lala2015pmml.tex' failed. LaTeX errors: ! LaTeX Error: File `elsarticle.cls' not found. Type X to quit or <RETURN> to proceed, or enter new name. (Default extension: cls) ! Emergency stop. <read *> l.4 \usepackage {setspace}^^M ! ==> Fatal error occurred, no output PDF file produced! --- failed re-building 'lala2015pmml.Rtex' SUMMARY: processing the following file failed: ‘lala2015pmml.Rtex’ Error: Vignette re-building failed. Execution halted Flavor: r-oldrel-macos-x86_64