Last updated on 2024-07-26 20:49:58 CEST.
Flavor | Version | Tinstall | Tcheck | Ttotal | Status | Flags |
---|---|---|---|---|---|---|
r-devel-linux-x86_64-debian-clang | 3.6.2 | 320.63 | 350.31 | 670.94 | OK | |
r-devel-linux-x86_64-debian-gcc | 3.6.2 | 253.24 | 246.26 | 499.50 | OK | |
r-devel-linux-x86_64-fedora-clang | 3.6.2 | 868.26 | NOTE | |||
r-devel-linux-x86_64-fedora-gcc | 3.6.2 | 871.44 | OK | |||
r-devel-windows-x86_64 | 3.6.2 | 279.00 | 245.00 | 524.00 | NOTE | |
r-patched-linux-x86_64 | 3.6.2 | OK | ||||
r-release-linux-x86_64 | 3.6.2 | 196.76 | 324.42 | 521.18 | OK | |
r-release-macos-arm64 | 3.6.2 | 248.00 | NOTE | |||
r-release-macos-x86_64 | 3.6.2 | 465.00 | NOTE | |||
r-release-windows-x86_64 | 3.6.2 | 274.00 | 244.00 | 518.00 | NOTE | |
r-oldrel-macos-arm64 | 3.6.2 | 258.00 | NOTE | |||
r-oldrel-macos-x86_64 | 3.6.2 | 321.00 | NOTE | |||
r-oldrel-windows-x86_64 | 3.6.2 | 351.00 | 318.00 | 669.00 | NOTE |
Version: 3.6.2
Check: installed package size
Result: NOTE
installed size is 18.6Mb
sub-directories of 1Mb or more:
R 1.3Mb
help 2.7Mb
libs 13.1Mb
Flavors: r-devel-linux-x86_64-fedora-clang, r-devel-windows-x86_64, r-release-macos-arm64, r-release-macos-x86_64, r-release-windows-x86_64, r-oldrel-macos-arm64, r-oldrel-macos-x86_64, r-oldrel-windows-x86_64