CRAN Package Check Results for Package fqar

Last updated on 2023-06-05 21:59:06 CEST.

Flavor Version Tinstall Tcheck Ttotal Status Flags
r-devel-linux-x86_64-debian-clang 0.3.0 8.52 106.14 114.66 OK
r-devel-linux-x86_64-debian-gcc 0.3.0 5.94 80.37 86.31 OK
r-devel-linux-x86_64-fedora-clang 0.3.0 137.49 NOTE
r-devel-linux-x86_64-fedora-gcc 0.3.0 142.58 NOTE
r-devel-windows-x86_64 0.3.0 11.00 225.00 236.00 OK
r-patched-linux-x86_64 0.3.0 7.73 99.87 107.60 OK
r-release-linux-x86_64 0.3.0 7.80 98.68 106.48 OK
r-release-macos-arm64 0.3.0 163.00 OK
r-release-macos-x86_64 0.3.0 188.00 OK
r-release-windows-x86_64 0.3.0 13.00 276.00 289.00 OK
r-oldrel-macos-arm64 0.3.0 157.00 OK
r-oldrel-macos-x86_64 0.3.0 189.00 OK
r-oldrel-windows-x86_64 0.3.0 13.00 255.00 268.00 OK

Check Details

Version: 0.3.0
Check: data for non-ASCII characters
Result: NOTE
     Note: found 1 marked UTF-8 string
Flavors: r-devel-linux-x86_64-fedora-clang, r-devel-linux-x86_64-fedora-gcc