Last updated on 2024-04-17 20:57:34 CEST.
Flavor | Version | Tinstall | Tcheck | Ttotal | Status | Flags |
---|---|---|---|---|---|---|
r-devel-linux-x86_64-debian-clang | 1.1.0 | 40.14 | 70.79 | 110.93 | NOTE | |
r-devel-linux-x86_64-debian-gcc | 1.1.0 | 26.99 | 50.84 | 77.83 | NOTE | |
r-devel-linux-x86_64-fedora-clang | 1.1.0 | 149.56 | NOTE | |||
r-devel-linux-x86_64-fedora-gcc | 1.1.0 | 149.85 | NOTE | |||
r-prerel-macos-arm64 | 1.1.0 | 41.00 | NOTE | |||
r-prerel-windows-x86_64 | 1.1.0 | 29.00 | 86.00 | 115.00 | NOTE | |
r-patched-linux-x86_64 | 1.1.0 | 40.00 | 68.18 | 108.18 | NOTE | |
r-release-linux-x86_64 | 1.1.0 | 34.83 | 65.62 | 100.45 | OK | |
r-release-macos-arm64 | 1.1.0 | 43.00 | OK | |||
r-release-macos-x86_64 | 1.1.0 | 114.00 | OK | |||
r-release-windows-x86_64 | 1.1.0 | 42.00 | 99.00 | 141.00 | OK | |
r-oldrel-macos-arm64 | 1.1.0 | 43.00 | OK | |||
r-oldrel-windows-x86_64 | 1.1.0 | 36.00 | 96.00 | 132.00 | OK |
Version: 1.1.0
Check: Rd files
Result: NOTE
checkRd: (-1) plot_lines.Rd:66: Lost braces
66 | moderator. By default it is equal to \8code{c(19, 17, 15, 8, 5, 4, 3, 1)}.}
| ^
Flavors: r-devel-linux-x86_64-debian-clang, r-devel-linux-x86_64-debian-gcc, r-devel-linux-x86_64-fedora-clang, r-devel-linux-x86_64-fedora-gcc, r-prerel-macos-arm64, r-prerel-windows-x86_64, r-patched-linux-x86_64