CRAN Package Check Results for Package fpest

Last updated on 2023-10-04 20:42:27 CEST.

Flavor Version Tinstall Tcheck Ttotal Status Flags
r-devel-linux-x86_64-debian-clang 0.1.1 1.25 18.66 19.91 NOTE
r-devel-linux-x86_64-debian-gcc 0.1.1 1.57 15.17 16.74 NOTE
r-devel-linux-x86_64-fedora-clang 0.1.1 26.08 NOTE
r-devel-linux-x86_64-fedora-gcc 0.1.1 25.36 NOTE
r-devel-windows-x86_64 0.1.1 4.00 34.00 38.00 NOTE
r-patched-linux-x86_64 0.1.1 1.87 18.69 20.56 NOTE
r-release-linux-x86_64 0.1.1 1.75 18.80 20.55 NOTE
r-release-macos-arm64 0.1.1 14.00 NOTE
r-release-macos-x86_64 0.1.1 17.00 NOTE
r-release-windows-x86_64 0.1.1 2.00 36.00 38.00 NOTE
r-oldrel-macos-arm64 0.1.1 13.00 NOTE
r-oldrel-macos-x86_64 0.1.1 18.00 NOTE
r-oldrel-windows-x86_64 0.1.1 4.00 41.00 45.00 NOTE

Check Details

Version: 0.1.1
Check: LazyData
Result: NOTE
     'LazyData' is specified without a 'data' directory
Flavors: r-devel-linux-x86_64-debian-clang, r-devel-linux-x86_64-debian-gcc, r-devel-linux-x86_64-fedora-clang, r-devel-linux-x86_64-fedora-gcc, r-devel-windows-x86_64, r-patched-linux-x86_64, r-release-linux-x86_64, r-release-macos-arm64, r-release-macos-x86_64, r-release-windows-x86_64, r-oldrel-macos-arm64, r-oldrel-macos-x86_64, r-oldrel-windows-x86_64