CRAN Package Check Results for Package fpest

Last updated on 2022-10-02 22:51:38 CEST.

Flavor Version Tinstall Tcheck Ttotal Status Flags
r-devel-linux-x86_64-debian-clang 0.1.1 1.89 19.92 21.81 NOTE
r-devel-linux-x86_64-debian-gcc 0.1.1 1.53 15.88 17.41 NOTE
r-devel-linux-x86_64-fedora-clang 0.1.1 39.32 NOTE
r-devel-linux-x86_64-fedora-gcc 0.1.1 39.21 NOTE
r-devel-windows-x86_64 0.1.1 9.00 46.00 55.00 NOTE
r-patched-linux-x86_64 0.1.1 1.78 19.69 21.47 NOTE
r-release-linux-x86_64 0.1.1 1.59 19.42 21.01 NOTE
r-release-macos-arm64 0.1.1 13.00 NOTE
r-release-macos-x86_64 0.1.1 18.00 NOTE
r-release-windows-x86_64 0.1.1 4.00 41.00 45.00 NOTE
r-oldrel-macos-arm64 0.1.1 15.00 NOTE
r-oldrel-macos-x86_64 0.1.1 22.00 NOTE
r-oldrel-windows-ix86+x86_64 0.1.1 6.00 22.00 28.00 NOTE

Check Details

Version: 0.1.1
Check: LazyData
Result: NOTE
     'LazyData' is specified without a 'data' directory
Flavors: r-devel-linux-x86_64-debian-clang, r-devel-linux-x86_64-debian-gcc, r-devel-linux-x86_64-fedora-clang, r-devel-linux-x86_64-fedora-gcc, r-devel-windows-x86_64, r-patched-linux-x86_64, r-release-linux-x86_64, r-release-macos-arm64, r-release-macos-x86_64, r-release-windows-x86_64, r-oldrel-macos-arm64, r-oldrel-macos-x86_64, r-oldrel-windows-ix86+x86_64