CRAN Package Check Results for Package forestr

Last updated on 2022-10-03 21:53:37 CEST.

Flavor Version Tinstall Tcheck Ttotal Status Flags
r-devel-linux-x86_64-debian-clang 2.0.2 3.98 41.29 45.27 OK
r-devel-linux-x86_64-debian-gcc 2.0.2 3.50 31.28 34.78 OK
r-devel-linux-x86_64-fedora-clang 2.0.2 67.34 NOTE
r-devel-linux-x86_64-fedora-gcc 2.0.2 67.17 NOTE
r-devel-windows-x86_64 2.0.2 36.00 77.00 113.00 OK
r-patched-linux-x86_64 2.0.2 3.91 38.50 42.41 OK
r-release-linux-x86_64 2.0.2 3.94 38.80 42.74 OK
r-release-macos-arm64 2.0.2 22.00 NOTE
r-release-macos-x86_64 2.0.2 41.00 NOTE
r-release-windows-x86_64 2.0.2 25.00 70.00 95.00 OK
r-oldrel-macos-arm64 2.0.2 27.00 NOTE
r-oldrel-macos-x86_64 2.0.2 30.00 NOTE
r-oldrel-windows-ix86+x86_64 2.0.2 10.00 64.00 74.00 OK

Check Details

Version: 2.0.2
Check: dependencies in R code
Result: NOTE
    Namespaces in Imports field not imported from:
     ‘tibble’ ‘viridis’
     All declared Imports should be used.
Flavors: r-devel-linux-x86_64-fedora-clang, r-devel-linux-x86_64-fedora-gcc, r-release-macos-arm64, r-release-macos-x86_64, r-oldrel-macos-arm64, r-oldrel-macos-x86_64