Last updated on 2024-03-28 19:48:31 CET.
Flavor | Version | Tinstall | Tcheck | Ttotal | Status | Flags |
---|---|---|---|---|---|---|
r-devel-linux-x86_64-debian-clang | 0.2.0 | 12.57 | 114.87 | 127.44 | NOTE | |
r-devel-linux-x86_64-debian-gcc | 0.2.0 | 10.05 | 88.08 | 98.13 | NOTE | |
r-devel-linux-x86_64-fedora-clang | 0.2.0 | 168.97 | NOTE | |||
r-devel-linux-x86_64-fedora-gcc | 0.2.0 | 195.17 | NOTE | |||
r-devel-windows-x86_64 | 0.2.0 | 14.00 | 106.00 | 120.00 | NOTE | |
r-patched-linux-x86_64 | 0.2.0 | 8.02 | 109.76 | 117.78 | NOTE | |
r-release-linux-x86_64 | 0.2.0 | 9.35 | 109.04 | 118.39 | NOTE | |
r-release-macos-arm64 | 0.2.0 | 54.00 | NOTE | |||
r-release-macos-x86_64 | 0.2.0 | 89.00 | NOTE | |||
r-release-windows-x86_64 | 0.2.0 | 16.00 | 125.00 | 141.00 | NOTE | |
r-oldrel-macos-arm64 | 0.2.0 | 58.00 | NOTE | |||
r-oldrel-windows-x86_64 | 0.2.0 | 18.00 | 141.00 | 159.00 | OK |
Version: 0.2.0
Check: package subdirectories
Result: NOTE
Problems with news in ‘NEWS.md’:
Cannot extract version info from the following section titles:
Previous versions (not tagged nor released)
Flavors: r-devel-linux-x86_64-debian-clang, r-devel-linux-x86_64-debian-gcc, r-devel-linux-x86_64-fedora-clang, r-devel-linux-x86_64-fedora-gcc, r-devel-windows-x86_64, r-patched-linux-x86_64, r-release-linux-x86_64, r-release-macos-arm64, r-release-macos-x86_64, r-release-windows-x86_64
Version: 0.2.0
Check: Rd files
Result: NOTE
checkRd: (-1) species_bw.Rd:23: Lost braces
23 | between trees." \doi{10.1371/journal.pone.0229930}{PLOS One 15: e0229930}.
| ^
Flavors: r-devel-linux-x86_64-debian-clang, r-devel-linux-x86_64-debian-gcc, r-devel-linux-x86_64-fedora-clang, r-devel-linux-x86_64-fedora-gcc, r-devel-windows-x86_64, r-patched-linux-x86_64
Version: 0.2.0
Check: dependencies in R code
Result: NOTE
Namespaces in Imports field not imported from:
‘blockCV’ ‘patchwork’
All declared Imports should be used.
Flavors: r-devel-linux-x86_64-fedora-clang, r-devel-linux-x86_64-fedora-gcc, r-oldrel-macos-arm64