Last updated on 2025-07-24 21:49:44 CEST.
Flavor | Version | Tinstall | Tcheck | Ttotal | Status | Flags |
---|---|---|---|---|---|---|
r-devel-linux-x86_64-debian-clang | 1.3-0 | 19.65 | 31.42 | 51.07 | NOTE | |
r-devel-linux-x86_64-debian-gcc | 1.3-0 | 13.85 | 24.15 | 38.00 | NOTE | |
r-devel-linux-x86_64-fedora-clang | 1.3-0 | 87.03 | OK | |||
r-devel-linux-x86_64-fedora-gcc | 1.3-0 | 81.18 | OK | |||
r-devel-windows-x86_64 | 1.3-0 | 23.00 | 84.00 | 107.00 | OK | |
r-patched-linux-x86_64 | 1.3-0 | 19.76 | 29.60 | 49.36 | OK | |
r-release-linux-x86_64 | 1.3-0 | 19.50 | 29.81 | 49.31 | OK | |
r-release-macos-arm64 | 1.3-0 | 29.00 | OK | |||
r-release-macos-x86_64 | 1.3-0 | 42.00 | OK | |||
r-release-windows-x86_64 | 1.3-0 | 24.00 | 81.00 | 105.00 | OK | |
r-oldrel-macos-arm64 | 1.3-0 | 28.00 | NOTE | |||
r-oldrel-macos-x86_64 | 1.3-0 | 37.00 | NOTE | |||
r-oldrel-windows-x86_64 | 1.3-0 | 20.00 | 87.00 | 107.00 | NOTE |
Version: 1.3-0
Check: CRAN incoming feasibility
Result: NOTE
Maintainer: ‘Tobias Kley <tobias.kley@bristol.ac.uk>’
The Description field contains
<arXiv:1611.04460>.
Please refer to arXiv e-prints via their arXiv DOI <doi:10.48550/arXiv.YYMM.NNNNN>.
Flavors: r-devel-linux-x86_64-debian-clang, r-devel-linux-x86_64-debian-gcc
Version: 1.3-0
Check: LazyData
Result: NOTE
'LazyData' is specified without a 'data' directory
Flavors: r-oldrel-macos-arm64, r-oldrel-macos-x86_64, r-oldrel-windows-x86_64