CRAN Package Check Results for Package forecastML

Last updated on 2022-09-28 21:51:37 CEST.

Flavor Version Tinstall Tcheck Ttotal Status Flags
r-devel-linux-x86_64-debian-clang 0.9.0 12.49 534.97 547.46 OK
r-devel-linux-x86_64-debian-gcc 0.9.0 10.60 436.15 446.75 OK
r-devel-linux-x86_64-fedora-clang 0.9.0 671.13 NOTE
r-devel-linux-x86_64-fedora-gcc 0.9.0 690.81 NOTE
r-devel-windows-x86_64 0.9.0 53.00 442.00 495.00 OK
r-patched-linux-x86_64 0.9.0 13.33 529.52 542.85 OK
r-release-linux-x86_64 0.9.0 11.63 532.88 544.51 OK
r-release-macos-arm64 0.9.0 205.00 NOTE
r-release-macos-x86_64 0.9.0 383.00 NOTE
r-release-windows-x86_64 0.9.0 61.00 444.00 505.00 OK
r-oldrel-macos-arm64 0.9.0 512.00 NOTE
r-oldrel-macos-x86_64 0.9.0 274.00 NOTE
r-oldrel-windows-ix86+x86_64 0.9.0 27.00 465.00 492.00 OK

Check Details

Version: 0.9.0
Check: dependencies in R code
Result: NOTE
    Namespace in Imports field not imported from: ‘dtplyr’
     All declared Imports should be used.
Flavors: r-devel-linux-x86_64-fedora-clang, r-devel-linux-x86_64-fedora-gcc, r-release-macos-arm64, r-release-macos-x86_64, r-oldrel-macos-arm64, r-oldrel-macos-x86_64