Last updated on 2024-04-18 21:56:51 CEST.
Flavor | Version | Tinstall | Tcheck | Ttotal | Status | Flags |
---|---|---|---|---|---|---|
r-devel-linux-x86_64-debian-clang | 0.2.1 | 2.82 | 26.86 | 29.68 | NOTE | |
r-devel-linux-x86_64-debian-gcc | 0.2.1 | 2.07 | 20.37 | 22.44 | NOTE | |
r-devel-linux-x86_64-fedora-clang | 0.2.1 | 36.20 | NOTE | |||
r-devel-linux-x86_64-fedora-gcc | 0.2.1 | 35.01 | NOTE | |||
r-prerel-macos-arm64 | 0.2.1 | 17.00 | NOTE | |||
r-prerel-windows-x86_64 | 0.2.1 | 3.00 | 42.00 | 45.00 | NOTE | |
r-patched-linux-x86_64 | 0.2.1 | 3.12 | 25.02 | 28.14 | NOTE | |
r-release-linux-x86_64 | 0.2.1 | 2.97 | 25.66 | 28.63 | NOTE | |
r-release-macos-arm64 | 0.2.1 | 17.00 | NOTE | |||
r-release-macos-x86_64 | 0.2.1 | 23.00 | NOTE | |||
r-release-windows-x86_64 | 0.2.1 | 3.00 | 44.00 | 47.00 | NOTE | |
r-oldrel-macos-arm64 | 0.2.1 | 18.00 | NOTE | |||
r-oldrel-windows-x86_64 | 0.2.1 | 4.00 | 46.00 | 50.00 | NOTE |
Version: 0.2.1
Check: LazyData
Result: NOTE
'LazyData' is specified without a 'data' directory
Flavors: r-devel-linux-x86_64-debian-clang, r-devel-linux-x86_64-debian-gcc, r-devel-linux-x86_64-fedora-clang, r-devel-linux-x86_64-fedora-gcc, r-prerel-macos-arm64, r-prerel-windows-x86_64, r-patched-linux-x86_64, r-release-linux-x86_64, r-release-macos-arm64, r-release-macos-x86_64, r-release-windows-x86_64, r-oldrel-macos-arm64, r-oldrel-windows-x86_64