CRAN Package Check Results for Package fontcm

Last updated on 2025-02-06 19:49:23 CET.

Flavor Version Tinstall Tcheck Ttotal Status Flags
r-devel-linux-x86_64-debian-clang 1.1 2.01 14.71 16.72 NOTE
r-devel-linux-x86_64-debian-gcc 1.1 1.60 12.16 13.76 NOTE
r-devel-linux-x86_64-fedora-clang 1.1 26.32 NOTE
r-devel-linux-x86_64-fedora-gcc 1.1 24.41 NOTE
r-devel-windows-x86_64 1.1 4.00 36.00 40.00 NOTE
r-patched-linux-x86_64 1.1 2.06 14.27 16.33 NOTE
r-release-linux-x86_64 1.1 1.97 14.23 16.20 NOTE
r-release-macos-arm64 1.1 14.00 NOTE
r-release-macos-x86_64 1.1 18.00 NOTE
r-release-windows-x86_64 1.1 4.00 35.00 39.00 NOTE
r-oldrel-macos-arm64 1.1 13.00 NOTE
r-oldrel-macos-x86_64 1.1 18.00 NOTE
r-oldrel-windows-x86_64 1.1 4.00 35.00 39.00 NOTE

Check Details

Version: 1.1
Check: DESCRIPTION meta-information
Result: NOTE Malformed Description field: should contain one or more complete sentences. Flavors: r-devel-linux-x86_64-debian-clang, r-devel-linux-x86_64-debian-gcc, r-devel-linux-x86_64-fedora-clang, r-devel-linux-x86_64-fedora-gcc, r-devel-windows-x86_64, r-patched-linux-x86_64, r-release-linux-x86_64, r-release-macos-arm64, r-release-macos-x86_64, r-release-windows-x86_64, r-oldrel-macos-arm64, r-oldrel-macos-x86_64, r-oldrel-windows-x86_64

Version: 1.1
Check: installed package size
Result: NOTE installed size is 6.7Mb sub-directories of 1Mb or more: fonts 6.6Mb Flavors: r-release-macos-arm64, r-release-macos-x86_64, r-release-windows-x86_64, r-oldrel-macos-arm64, r-oldrel-macos-x86_64, r-oldrel-windows-x86_64