CRAN Package Check Results for Package fontcm

Last updated on 2023-01-28 20:54:27 CET.

Flavor Version Tinstall Tcheck Ttotal Status Flags
r-devel-linux-x86_64-debian-clang 1.1 2.47 18.14 20.61 NOTE
r-devel-linux-x86_64-debian-gcc 1.1 1.79 14.51 16.30 NOTE
r-devel-linux-x86_64-fedora-clang 1.1 26.69 NOTE
r-devel-linux-x86_64-fedora-gcc 1.1 25.16 NOTE
r-devel-windows-x86_64 1.1 41.00 44.00 85.00 NOTE
r-patched-linux-x86_64 1.1 2.70 19.08 21.78 NOTE
r-release-linux-x86_64 1.1 2.30 18.88 21.18 NOTE
r-release-macos-arm64 1.1 12.00 NOTE
r-release-macos-x86_64 1.1 18.00 NOTE
r-release-windows-x86_64 1.1 49.00 45.00 94.00 NOTE
r-oldrel-macos-arm64 1.1 16.00 NOTE
r-oldrel-macos-x86_64 1.1 21.00 NOTE
r-oldrel-windows-ix86+x86_64 1.1 5.00 43.00 48.00 NOTE

Check Details

Version: 1.1
Check: DESCRIPTION meta-information
Result: NOTE
    Malformed Description field: should contain one or more complete sentences.
Flavors: r-devel-linux-x86_64-debian-clang, r-devel-linux-x86_64-debian-gcc, r-devel-linux-x86_64-fedora-clang, r-devel-linux-x86_64-fedora-gcc, r-devel-windows-x86_64, r-patched-linux-x86_64, r-release-linux-x86_64, r-release-macos-arm64, r-release-macos-x86_64, r-release-windows-x86_64, r-oldrel-macos-arm64, r-oldrel-macos-x86_64, r-oldrel-windows-ix86+x86_64

Version: 1.1
Check: installed package size
Result: NOTE
     installed size is 6.7Mb
     sub-directories of 1Mb or more:
     fonts 6.6Mb
Flavors: r-devel-linux-x86_64-fedora-clang, r-devel-windows-x86_64, r-release-macos-arm64, r-release-macos-x86_64, r-release-windows-x86_64, r-oldrel-macos-arm64, r-oldrel-macos-x86_64, r-oldrel-windows-ix86+x86_64