CRAN Package Check Results for Package fontLiberation

Last updated on 2022-10-02 22:51:38 CEST.

Flavor Version Tinstall Tcheck Ttotal Status Flags
r-devel-linux-x86_64-debian-clang 0.1.0 2.24 9.80 12.04 NOTE
r-devel-linux-x86_64-debian-gcc 0.1.0 1.69 7.81 9.50 NOTE
r-devel-linux-x86_64-fedora-clang 0.1.0 25.72 NOTE
r-devel-linux-x86_64-fedora-gcc 0.1.0 26.28 NOTE
r-devel-windows-x86_64 0.1.0 45.00 25.00 70.00 NOTE
r-patched-linux-x86_64 0.1.0 2.15 9.61 11.76 NOTE
r-release-linux-x86_64 0.1.0 1.73 9.36 11.09 NOTE
r-release-macos-arm64 0.1.0 8.00 NOTE
r-release-macos-x86_64 0.1.0 12.00 NOTE
r-release-windows-x86_64 0.1.0 5.00 24.00 29.00 NOTE
r-oldrel-macos-arm64 0.1.0 10.00 NOTE
r-oldrel-macos-x86_64 0.1.0 13.00 NOTE
r-oldrel-windows-ix86+x86_64 0.1.0 5.00 15.00 20.00 NOTE

Check Details

Version: 0.1.0
Check: LazyData
Result: NOTE
     'LazyData' is specified without a 'data' directory
Flavors: r-devel-linux-x86_64-debian-clang, r-devel-linux-x86_64-debian-gcc, r-devel-linux-x86_64-fedora-clang, r-devel-linux-x86_64-fedora-gcc, r-devel-windows-x86_64, r-patched-linux-x86_64, r-release-linux-x86_64, r-release-macos-arm64, r-release-macos-x86_64, r-release-windows-x86_64, r-oldrel-macos-arm64, r-oldrel-macos-x86_64, r-oldrel-windows-ix86+x86_64

Version: 0.1.0
Check: installed package size
Result: NOTE
     installed size is 6.2Mb
     sub-directories of 1Mb or more:
     fonts 6.1Mb
Flavors: r-devel-linux-x86_64-fedora-clang, r-devel-windows-x86_64, r-release-macos-arm64, r-release-macos-x86_64, r-release-windows-x86_64, r-oldrel-macos-arm64, r-oldrel-macos-x86_64, r-oldrel-windows-ix86+x86_64