Last updated on 2024-04-22 20:53:36 CEST.
Flavor | Version | Tinstall | Tcheck | Ttotal | Status | Flags |
---|---|---|---|---|---|---|
r-devel-linux-x86_64-debian-clang | 0.1.0 | 2.07 | 9.73 | 11.80 | NOTE | |
r-devel-linux-x86_64-debian-gcc | 0.1.0 | 1.29 | 7.95 | 9.24 | NOTE | |
r-devel-linux-x86_64-fedora-clang | 0.1.0 | 14.66 | NOTE | |||
r-devel-linux-x86_64-fedora-gcc | 0.1.0 | 14.83 | NOTE | |||
r-prerel-macos-arm64 | 0.1.0 | 9.00 | NOTE | |||
r-prerel-windows-x86_64 | 0.1.0 | 3.00 | 18.00 | 21.00 | NOTE | |
r-patched-linux-x86_64 | 0.1.0 | 1.92 | 9.77 | 11.69 | NOTE | |
r-release-linux-x86_64 | 0.1.0 | 1.36 | 9.27 | 10.63 | NOTE | |
r-release-macos-arm64 | 0.1.0 | 11.00 | NOTE | |||
r-release-macos-x86_64 | 0.1.0 | 12.00 | NOTE | |||
r-release-windows-x86_64 | 0.1.0 | 2.00 | 18.00 | 20.00 | NOTE | |
r-oldrel-macos-arm64 | 0.1.0 | 10.00 | NOTE | |||
r-oldrel-windows-x86_64 | 0.1.0 | 5.00 | 24.00 | 29.00 | NOTE |
Version: 0.1.0
Check: LazyData
Result: NOTE
'LazyData' is specified without a 'data' directory
Flavors: r-devel-linux-x86_64-debian-clang, r-devel-linux-x86_64-debian-gcc, r-devel-linux-x86_64-fedora-clang, r-devel-linux-x86_64-fedora-gcc, r-prerel-macos-arm64, r-prerel-windows-x86_64, r-patched-linux-x86_64, r-release-linux-x86_64, r-release-macos-arm64, r-release-macos-x86_64, r-release-windows-x86_64, r-oldrel-macos-arm64, r-oldrel-windows-x86_64
Version: 0.1.0
Check: installed package size
Result: NOTE
installed size is 6.2Mb
sub-directories of 1Mb or more:
fonts 6.1Mb
Flavors: r-devel-linux-x86_64-fedora-clang, r-prerel-macos-arm64, r-prerel-windows-x86_64, r-release-macos-arm64, r-release-macos-x86_64, r-release-windows-x86_64, r-oldrel-macos-arm64, r-oldrel-windows-x86_64