Last updated on 2025-02-06 19:49:23 CET.
Flavor | Version | Tinstall | Tcheck | Ttotal | Status | Flags |
---|---|---|---|---|---|---|
r-devel-linux-x86_64-debian-clang | 0.1.0 | 3.54 | 37.37 | 40.91 | NOTE | |
r-devel-linux-x86_64-debian-gcc | 0.1.0 | 2.79 | 28.31 | 31.10 | NOTE | |
r-devel-linux-x86_64-fedora-clang | 0.1.0 | 67.61 | NOTE | |||
r-devel-linux-x86_64-fedora-gcc | 0.1.0 | 75.60 | NOTE | |||
r-devel-windows-x86_64 | 0.1.0 | 6.00 | 60.00 | 66.00 | NOTE | |
r-patched-linux-x86_64 | 0.1.0 | 4.08 | 35.84 | 39.92 | NOTE | |
r-release-linux-x86_64 | 0.1.0 | 2.83 | 36.22 | 39.05 | NOTE | |
r-release-macos-arm64 | 0.1.0 | 32.00 | NOTE | |||
r-release-macos-x86_64 | 0.1.0 | 72.00 | NOTE | |||
r-release-windows-x86_64 | 0.1.0 | 5.00 | 62.00 | 67.00 | NOTE | |
r-oldrel-macos-arm64 | 0.1.0 | 29.00 | OK | |||
r-oldrel-macos-x86_64 | 0.1.0 | 43.00 | OK | |||
r-oldrel-windows-x86_64 | 0.1.0 | 7.00 | 65.00 | 72.00 | OK |
Version: 0.1.0
Check: Rd files
Result: NOTE
checkRd: (-1) navbar_page.Rd:36: Lost braces in \itemize; meant \describe ?
checkRd: (-1) navbar_page.Rd:37: Lost braces in \itemize; meant \describe ?
checkRd: (-1) navbar_page.Rd:38: Lost braces in \itemize; meant \describe ?
Flavors: r-devel-linux-x86_64-debian-clang, r-devel-linux-x86_64-debian-gcc, r-devel-linux-x86_64-fedora-clang, r-devel-linux-x86_64-fedora-gcc, r-devel-windows-x86_64, r-patched-linux-x86_64, r-release-linux-x86_64, r-release-macos-arm64, r-release-macos-x86_64, r-release-windows-x86_64