CRAN Package Check Results for Package fmriqa

Last updated on 2022-11-25 19:49:51 CET.

Flavor Version Tinstall Tcheck Ttotal Status Flags
r-devel-linux-x86_64-debian-clang 0.3.0 11.21 138.00 149.21 NOTE
r-devel-linux-x86_64-debian-gcc 0.3.0 9.96 102.01 111.97 NOTE
r-devel-linux-x86_64-fedora-clang 0.3.0 198.52 NOTE
r-devel-linux-x86_64-fedora-gcc 0.3.0 192.61 NOTE
r-devel-windows-x86_64 0.3.0 17.00 161.00 178.00 NOTE
r-patched-linux-x86_64 0.3.0 NOTE
r-release-linux-x86_64 0.3.0 10.50 139.60 150.10 NOTE
r-release-macos-arm64 0.3.0 65.00 NOTE
r-release-macos-x86_64 0.3.0 128.00 NOTE
r-release-windows-x86_64 0.3.0 23.00 163.00 186.00 NOTE
r-oldrel-macos-arm64 0.3.0 93.00 NOTE
r-oldrel-macos-x86_64 0.3.0 99.00 NOTE
r-oldrel-windows-ix86+x86_64 0.3.0 28.00 162.00 190.00 NOTE

Check Details

Version: 0.3.0
Check: LazyData
Result: NOTE
     'LazyData' is specified without a 'data' directory
Flavors: r-devel-linux-x86_64-debian-clang, r-devel-linux-x86_64-debian-gcc, r-devel-linux-x86_64-fedora-clang, r-devel-linux-x86_64-fedora-gcc, r-devel-windows-x86_64, r-patched-linux-x86_64, r-release-linux-x86_64, r-release-macos-arm64, r-release-macos-x86_64, r-release-windows-x86_64, r-oldrel-macos-arm64, r-oldrel-macos-x86_64, r-oldrel-windows-ix86+x86_64