Last updated on 2025-07-10 20:50:27 CEST.
Flavor | Version | Tinstall | Tcheck | Ttotal | Status | Flags |
---|---|---|---|---|---|---|
r-devel-linux-x86_64-debian-clang | 0.1.4 | 23.21 | 690.08 | 713.29 | OK | |
r-devel-linux-x86_64-debian-gcc | 0.1.4 | 14.02 | 562.84 | 576.86 | OK | |
r-devel-linux-x86_64-fedora-clang | 0.1.4 | 1142.90 | OK | |||
r-devel-linux-x86_64-fedora-gcc | 0.1.4 | 1098.41 | ERROR | |||
r-devel-windows-x86_64 | 0.1.4 | 22.00 | 658.00 | 680.00 | OK | |
r-patched-linux-x86_64 | 0.1.4 | 24.09 | 717.28 | 741.37 | OK | |
r-release-linux-x86_64 | 0.1.4 | 23.14 | 701.96 | 725.10 | OK | |
r-release-macos-arm64 | 0.1.4 | 275.00 | OK | |||
r-release-macos-x86_64 | 0.1.4 | 301.00 | OK | |||
r-release-windows-x86_64 | 0.1.4 | 22.00 | 654.00 | 676.00 | OK | |
r-oldrel-macos-arm64 | 0.1.4 | 185.00 | OK | |||
r-oldrel-macos-x86_64 | 0.1.4 | 254.00 | OK | |||
r-oldrel-windows-x86_64 | 0.1.4 | 30.00 | 886.00 | 916.00 | OK |
Version: 0.1.4
Check: re-building of vignette outputs
Result: ERROR
Error(s) in re-building vignettes:
--- re-building ‘fme_theory.Rmd’ using rmarkdown
--- finished re-building ‘fme_theory.Rmd’
Warning: elapsed-time limit of 1 hours reached for sub-process
--- re-building ‘fmeffects.Rmd’ using rmarkdown
Quitting from fmeffects.Rmd:145-151 [unnamed-chunk-14]
~~~~~~~~~~~~~~~~~~~~~~~~~~~~~~~~~~~~~~~~~~~~~~~~~~~~~~~~~~~~~~~~~~~~~~~~~~~~~~~~
<error/rlang_error>
Error:
! A future (<unnamed-2>) of class SequentialFuture was interrupted at 2025-07-10T16:44:04, while running on 'gannet.stats.ox.ac.uk' (pid 2102681)
---
Backtrace:
▆
1. └─fmeffects::fme(...)
2. └─ForwardMarginalEffect$new(makePredictor(model, data), features = features, ...
3. └─private$fme(...)
4. └─furrr::future_map_dbl(...)
5. └─furrr:::furrr_map_template(...)
6. └─furrr:::furrr_template(...)
7. ├─future::value(futures)
8. └─future:::value.list(futures)
9. └─future (local) signalConditionsASAP(...)
10. └─future:::signalConditions(...)
~~~~~~~~~~~~~~~~~~~~~~~~~~~~~~~~~~~~~~~~~~~~~~~~~~~~~~~~~~~~~~~~~~~~~~~~~~~~~~~~
Error: processing vignette 'fmeffects.Rmd' failed with diagnostics:
A future (<unnamed-2>) of class SequentialFuture was interrupted at 2025-07-10T16:44:04, while running on 'gannet.stats.ox.ac.uk' (pid 2102681)
--- failed re-building ‘fmeffects.Rmd’
SUMMARY: processing the following file failed:
‘fmeffects.Rmd’
Error: Vignette re-building failed.
Execution halted
Flavor: r-devel-linux-x86_64-fedora-gcc