CRAN Package Check Results for Package fmds

Last updated on 2025-04-29 21:49:47 CEST.

Flavor Version Tinstall Tcheck Ttotal Status Flags
r-devel-linux-x86_64-debian-clang 0.1.2 27.45 37.64 65.09 NOTE
r-devel-linux-x86_64-debian-gcc 0.1.2 20.10 24.53 44.63 OK
r-devel-linux-x86_64-fedora-clang 0.1.2 112.79 OK
r-devel-linux-x86_64-fedora-gcc 0.1.2 128.49 OK
r-devel-windows-x86_64 0.1.2 37.00 64.00 101.00 OK
r-release-linux-x86_64 0.1.2 30.16 35.60 65.76 OK
r-release-macos-arm64 0.1.2 41.00 OK
r-release-macos-x86_64 0.1.2 58.00 OK
r-release-windows-x86_64 0.1.2 36.00 63.00 99.00 OK
r-oldrel-macos-arm64 0.1.2 36.00 OK
r-oldrel-macos-x86_64 0.1.2 55.00 OK
r-oldrel-windows-x86_64 0.1.2 36.00 73.00 109.00 OK

Additional issues

clang-ASAN gcc-ASAN gcc-UBSAN LTO MKL valgrind

Check Details

Version: 0.1.2
Check: examples
Result: NOTE Examples with CPU (user + system) or elapsed time > 5s user system elapsed rdop 5.587 1.178 10.242 Flavor: r-devel-linux-x86_64-debian-clang