Last updated on 2024-05-02 20:50:37 CEST.
Flavor | Version | Tinstall | Tcheck | Ttotal | Status | Flags |
---|---|---|---|---|---|---|
r-devel-linux-x86_64-debian-clang | 0.1.3 | 33.02 | 68.72 | 101.74 | OK | |
r-devel-linux-x86_64-debian-gcc | 0.1.3 | 22.17 | 48.71 | 70.88 | OK | |
r-devel-linux-x86_64-fedora-clang | 0.1.3 | 136.23 | NOTE | |||
r-devel-linux-x86_64-fedora-gcc | 0.1.3 | 136.64 | NOTE | |||
r-devel-windows-x86_64 | 0.1.3 | 27.00 | 88.00 | 115.00 | OK | |
r-patched-linux-x86_64 | 0.1.3 | 28.66 | 63.58 | 92.24 | OK | |
r-release-linux-x86_64 | 0.1.3 | 24.08 | 64.67 | 88.75 | OK | |
r-release-macos-arm64 | 0.1.3 | 35.00 | OK | |||
r-release-windows-x86_64 | 0.1.3 | 26.00 | 82.00 | 108.00 | OK | |
r-oldrel-macos-arm64 | 0.1.3 | 42.00 | OK | |||
r-oldrel-macos-x86_64 | 0.1.3 | 68.00 | OK | |||
r-oldrel-windows-x86_64 | 0.1.3 | 30.00 | 96.00 | 126.00 | OK |
Version: 0.1.3
Check: dependencies in R code
Result: NOTE
Namespaces in Imports field not imported from:
‘kableExtra’ ‘knitr’ ‘rmarkdown’
All declared Imports should be used.
Flavors: r-devel-linux-x86_64-fedora-clang, r-devel-linux-x86_64-fedora-gcc