Last updated on 2024-04-23 20:52:03 CEST.
Flavor | Version | Tinstall | Tcheck | Ttotal | Status | Flags |
---|---|---|---|---|---|---|
r-devel-linux-x86_64-debian-clang | 0.2.0 | 8.88 | 100.88 | 109.76 | NOTE | |
r-devel-linux-x86_64-debian-gcc | 0.2.0 | 6.13 | 74.17 | 80.30 | NOTE | |
r-devel-linux-x86_64-fedora-clang | 0.2.0 | 139.49 | NOTE | |||
r-devel-linux-x86_64-fedora-gcc | 0.2.0 | 149.26 | NOTE | |||
r-prerel-macos-arm64 | 0.2.0 | 52.00 | NOTE | |||
r-prerel-windows-x86_64 | 0.2.0 | 9.00 | 103.00 | 112.00 | NOTE | |
r-patched-linux-x86_64 | 0.2.0 | 8.30 | 95.43 | 103.73 | NOTE | |
r-release-linux-x86_64 | 0.2.0 | 4.69 | 95.09 | 99.78 | OK | |
r-release-macos-arm64 | 0.2.0 | 57.00 | OK | |||
r-release-macos-x86_64 | 0.2.0 | 106.00 | OK | |||
r-release-windows-x86_64 | 0.2.0 | 11.00 | 123.00 | 134.00 | OK | |
r-oldrel-macos-arm64 | 0.2.0 | 49.00 | OK | |||
r-oldrel-windows-x86_64 | 0.2.0 | 9.00 | 124.00 | 133.00 | OK |
Version: 0.2.0
Check: Rd files
Result: NOTE
checkRd: (-1) flow_embed.Rd:30: Lost braces; missing escapes or markup?
30 | \item Don't forget to add {flow} to Suggests in your DESCRIPTION file.
| ^
Flavors: r-devel-linux-x86_64-debian-clang, r-devel-linux-x86_64-debian-gcc, r-devel-linux-x86_64-fedora-clang, r-devel-linux-x86_64-fedora-gcc, r-prerel-macos-arm64, r-prerel-windows-x86_64, r-patched-linux-x86_64