CRAN Package Check Results for Package flippant

Last updated on 2022-12-05 20:53:08 CET.

Flavor Version Tinstall Tcheck Ttotal Status Flags
r-devel-linux-x86_64-debian-clang 1.5.3 6.18 57.18 63.36 NOTE
r-devel-linux-x86_64-debian-gcc 1.5.3 5.44 43.10 48.54 NOTE
r-devel-linux-x86_64-fedora-clang 1.5.3 88.46 NOTE
r-devel-linux-x86_64-fedora-gcc 1.5.3 86.06 NOTE
r-devel-windows-x86_64 1.5.3 14.00 82.00 96.00 NOTE
r-patched-linux-x86_64 1.5.3 10.79 52.09 62.88 NOTE
r-release-linux-x86_64 1.5.3 6.41 53.02 59.43 NOTE
r-release-macos-arm64 1.5.3 25.00 NOTE
r-release-macos-x86_64 1.5.3 46.00 NOTE
r-release-windows-x86_64 1.5.3 17.00 81.00 98.00 NOTE
r-oldrel-macos-arm64 1.5.3 33.00 NOTE
r-oldrel-macos-x86_64 1.5.3 46.00 NOTE
r-oldrel-windows-ix86+x86_64 1.5.3 16.00 76.00 92.00 NOTE

Check Details

Version: 1.5.3
Check: LazyData
Result: NOTE
     'LazyData' is specified without a 'data' directory
Flavors: r-devel-linux-x86_64-debian-clang, r-devel-linux-x86_64-debian-gcc, r-devel-linux-x86_64-fedora-clang, r-devel-linux-x86_64-fedora-gcc, r-devel-windows-x86_64, r-patched-linux-x86_64, r-release-linux-x86_64, r-release-macos-arm64, r-release-macos-x86_64, r-release-windows-x86_64, r-oldrel-macos-arm64, r-oldrel-macos-x86_64, r-oldrel-windows-ix86+x86_64