Last updated on 2023-06-01 21:52:53 CEST.
Flavor | Version | Tinstall | Tcheck | Ttotal | Status | Flags |
---|---|---|---|---|---|---|
r-devel-linux-x86_64-debian-clang | 1.2.0 | 3.06 | 58.83 | 61.89 | OK | |
r-devel-linux-x86_64-debian-gcc | 1.2.0 | 2.49 | 44.82 | 47.31 | OK | |
r-devel-linux-x86_64-fedora-clang | 1.2.0 | 77.41 | NOTE | |||
r-devel-linux-x86_64-fedora-gcc | 1.2.0 | 83.66 | NOTE | |||
r-devel-windows-x86_64 | 1.2.0 | 6.00 | 79.00 | 85.00 | OK | |
r-patched-linux-x86_64 | 1.2.0 | OK | ||||
r-release-linux-x86_64 | 1.2.0 | 2.86 | 56.87 | 59.73 | OK | |
r-release-macos-arm64 | 1.2.0 | 36.00 | OK | |||
r-release-macos-x86_64 | 1.2.0 | 55.00 | OK | |||
r-release-windows-x86_64 | 1.2.0 | 6.00 | 86.00 | 92.00 | OK | |
r-oldrel-macos-arm64 | 1.2.0 | 23.00 | NOTE | |||
r-oldrel-macos-x86_64 | 1.2.0 | 60.00 | NOTE | |||
r-oldrel-windows-x86_64 | 1.2.0 | 7.00 | 83.00 | 90.00 | OK |
Version: 1.2.0
Check: dependencies in R code
Result: NOTE
Namespace in Imports field not imported from: ‘tidyr’
All declared Imports should be used.
Flavors: r-devel-linux-x86_64-fedora-clang, r-devel-linux-x86_64-fedora-gcc, r-oldrel-macos-arm64, r-oldrel-macos-x86_64
Version: 1.2.0
Check: data for non-ASCII characters
Result: NOTE
Note: found 82 marked UTF-8 strings
Flavors: r-devel-linux-x86_64-fedora-clang, r-devel-linux-x86_64-fedora-gcc, r-oldrel-macos-arm64, r-oldrel-macos-x86_64