Last updated on 2025-05-08 20:49:35 CEST.
Flavor | Version | Tinstall | Tcheck | Ttotal | Status | Flags |
---|---|---|---|---|---|---|
r-devel-linux-x86_64-debian-clang | 0.1.1 | 4.04 | 35.85 | 39.89 | NOTE | |
r-devel-linux-x86_64-debian-gcc | 0.1.1 | 2.82 | 26.06 | 28.88 | NOTE | |
r-devel-linux-x86_64-fedora-clang | 0.1.1 | 59.03 | OK | |||
r-devel-linux-x86_64-fedora-gcc | 0.1.1 | 54.75 | OK | |||
r-devel-windows-x86_64 | 0.1.1 | 5.00 | 52.00 | 57.00 | OK | |
r-patched-linux-x86_64 | 0.1.1 | 3.71 | 32.03 | 35.74 | OK | |
r-release-linux-x86_64 | 0.1.1 | 3.83 | 31.96 | 35.79 | OK | |
r-release-macos-arm64 | 0.1.1 | 29.00 | OK | |||
r-release-macos-x86_64 | 0.1.1 | 52.00 | OK | |||
r-release-windows-x86_64 | 0.1.1 | 5.00 | 53.00 | 58.00 | OK | |
r-oldrel-macos-arm64 | 0.1.1 | 20.00 | OK | |||
r-oldrel-macos-x86_64 | 0.1.1 | 31.00 | OK | |||
r-oldrel-windows-x86_64 | 0.1.1 | 7.00 | 61.00 | 68.00 | OK |
Version: 0.1.1
Check: CRAN incoming feasibility
Result: NOTE
Maintainer: ‘Scott D. Graham <scott.grah95@gmail.com>’
No Authors@R field in DESCRIPTION.
Please add one, modifying
Authors@R: person(given = c("Scott", "D."),
family = "Graham",
role = c("aut", "cre"),
email = "scott.grah95@gmail.com")
as necessary.
Flavors: r-devel-linux-x86_64-debian-clang, r-devel-linux-x86_64-debian-gcc