Last updated on 2024-03-28 19:48:31 CET.
Flavor | Version | Tinstall | Tcheck | Ttotal | Status | Flags |
---|---|---|---|---|---|---|
r-devel-linux-x86_64-debian-clang | 1.8 | 13.15 | 147.95 | 161.10 | NOTE | |
r-devel-linux-x86_64-debian-gcc | 1.8 | 11.48 | 109.01 | 120.49 | NOTE | |
r-devel-linux-x86_64-fedora-clang | 1.8 | 198.48 | NOTE | |||
r-devel-linux-x86_64-fedora-gcc | 1.8 | 207.12 | NOTE | |||
r-devel-windows-x86_64 | 1.8 | 15.00 | 122.00 | 137.00 | NOTE | |
r-patched-linux-x86_64 | 1.8 | 16.68 | 143.42 | 160.10 | NOTE | |
r-release-linux-x86_64 | 1.8 | 15.34 | 140.37 | 155.71 | OK | |
r-release-macos-arm64 | 1.8 | 62.00 | OK | |||
r-release-macos-x86_64 | 1.8 | 102.00 | OK | |||
r-release-windows-x86_64 | 1.8 | 17.00 | 146.00 | 163.00 | OK | |
r-oldrel-macos-arm64 | 1.8 | 53.00 | OK | |||
r-oldrel-windows-x86_64 | 1.8 | 19.00 | 142.00 | 161.00 | OK |
Version: 1.8
Check: Rd files
Result: NOTE
checkRd: (-1) convertInitDesignToGrid.Rd:11: Lost braces; missing escapes or markup?
11 | The initial design, consisting of \code{d + 1} columns ({d} dimensions and
| ^
Flavors: r-devel-linux-x86_64-debian-clang, r-devel-linux-x86_64-debian-gcc, r-devel-linux-x86_64-fedora-clang, r-devel-linux-x86_64-fedora-gcc, r-devel-windows-x86_64, r-patched-linux-x86_64