Last updated on 2024-07-17 20:56:59 CEST.
Flavor | Version | Tinstall | Tcheck | Ttotal | Status | Flags |
---|---|---|---|---|---|---|
r-devel-linux-x86_64-debian-clang | 1.8 | 14.22 | 149.71 | 163.93 | NOTE | |
r-devel-linux-x86_64-debian-gcc | 1.8 | 11.63 | 107.31 | 118.94 | NOTE | |
r-devel-linux-x86_64-fedora-clang | 1.8 | 212.23 | NOTE | |||
r-devel-linux-x86_64-fedora-gcc | 1.8 | 203.43 | NOTE | |||
r-devel-windows-x86_64 | 1.8 | 14.00 | 123.00 | 137.00 | NOTE | |
r-patched-linux-x86_64 | 1.8 | 13.27 | 140.01 | 153.28 | NOTE | |
r-release-linux-x86_64 | 1.8 | 12.35 | 142.63 | 154.98 | NOTE | |
r-release-macos-arm64 | 1.8 | 54.00 | NOTE | |||
r-release-macos-x86_64 | 1.8 | 98.00 | NOTE | |||
r-release-windows-x86_64 | 1.8 | 14.00 | 125.00 | 139.00 | NOTE | |
r-oldrel-macos-arm64 | 1.8 | 62.00 | OK | |||
r-oldrel-macos-x86_64 | 1.8 | 102.00 | OK | |||
r-oldrel-windows-x86_64 | 1.8 | 19.00 | 146.00 | 165.00 | OK |
Version: 1.8
Check: Rd files
Result: NOTE
checkRd: (-1) convertInitDesignToGrid.Rd:11: Lost braces; missing escapes or markup?
11 | The initial design, consisting of \code{d + 1} columns ({d} dimensions and
| ^
Flavors: r-devel-linux-x86_64-debian-clang, r-devel-linux-x86_64-debian-gcc, r-devel-linux-x86_64-fedora-clang, r-devel-linux-x86_64-fedora-gcc, r-devel-windows-x86_64, r-patched-linux-x86_64, r-release-linux-x86_64, r-release-macos-arm64, r-release-macos-x86_64, r-release-windows-x86_64