Last updated on 2025-02-06 19:49:23 CET.
Flavor | Version | Tinstall | Tcheck | Ttotal | Status | Flags |
---|---|---|---|---|---|---|
r-devel-linux-x86_64-debian-clang | 0.12.1 | 91.59 | 285.43 | 377.02 | NOTE | |
r-devel-linux-x86_64-debian-gcc | 0.12.1 | 69.83 | 188.26 | 258.09 | NOTE | |
r-devel-linux-x86_64-fedora-clang | 0.12.1 | 643.98 | OK | |||
r-devel-linux-x86_64-fedora-gcc | 0.12.1 | 642.07 | OK | |||
r-devel-windows-x86_64 | 0.12.1 | 99.00 | 306.00 | 405.00 | NOTE | |
r-patched-linux-x86_64 | 0.12.1 | 103.73 | 260.83 | 364.56 | OK | |
r-release-linux-x86_64 | 0.12.1 | 96.19 | 264.31 | 360.50 | ERROR | |
r-release-macos-arm64 | 0.12.1 | 183.00 | NOTE | |||
r-release-macos-x86_64 | 0.12.1 | 460.00 | NOTE | |||
r-release-windows-x86_64 | 0.12.1 | 100.00 | 314.00 | 414.00 | NOTE | |
r-oldrel-macos-arm64 | 0.12.1 | 167.00 | NOTE | |||
r-oldrel-macos-x86_64 | 0.12.1 | 296.00 | NOTE | |||
r-oldrel-windows-x86_64 | 0.12.1 | 123.00 | 395.00 | 518.00 | NOTE |
Version: 0.12.1
Check: Rd cross-references
Result: NOTE
Found the following Rd file(s) with Rd \link{} targets missing package
anchors:
feNmlm.Rd: jacobian, genD
Please provide package anchors for all Rd \link{} targets not in the
package itself and the base packages.
Flavors: r-devel-linux-x86_64-debian-clang, r-devel-linux-x86_64-debian-gcc, r-devel-windows-x86_64
Version: 0.12.1
Check: re-building of vignette outputs
Result: ERROR
Error(s) in re-building vignettes:
...
--- re-building ‘exporting_tables.Rmd’ using rmarkdown
*** caught segfault ***
address 0x29, cause 'memory not mapped'
malloc(): unsorted double linked list corrupted
Aborted
--- re-building ‘fixest_walkthrough.Rmd’ using rmarkdown
** Processing: /home/hornik/tmp/R.check/r-release-gcc/Work/PKGS/fixest.Rcheck/vign_test/fixest/vignettes/fixest_walkthrough_files/figure-html/unnamed-chunk-22-1.png
1344x960 pixels, 8 bits/pixel, 256 colors in palette
Reducing image to 8 bits/pixel, grayscale
Input IDAT size = 48024 bytes
Input file size = 48942 bytes
Trying:
zc = 9 zm = 8 zs = 0 f = 0 IDAT size = 44143
zc = 9 zm = 8 zs = 1 f = 0 IDAT size = 43968
zc = 1 zm = 8 zs = 2 f = 0
zc = 9 zm = 8 zs = 3 f = 0
zc = 9 zm = 8 zs = 0 f = 5
zc = 9 zm = 8 zs = 1 f = 5
zc = 1 zm = 8 zs = 2 f = 5
zc = 9 zm = 8 zs = 3 f = 5
Selecting parameters:
zc = 9 zm = 8 zs = 1 f = 0 IDAT size = 43968
Output IDAT size = 43968 bytes (4056 bytes decrease)
Output file size = 44046 bytes (4896 bytes = 10.00% decrease)
** Processing: /home/hornik/tmp/R.check/r-release-gcc/Work/PKGS/fixest.Rcheck/vign_test/fixest/vignettes/fixest_walkthrough_files/figure-html/unnamed-chunk-54-1.png
1344x960 pixels, 8 bits/pixel, 256 colors in palette
Reducing image to 8 bits/pixel, grayscale
Input IDAT size = 21766 bytes
Input file size = 22648 bytes
Trying:
zc = 9 zm = 8 zs = 0 f = 0 IDAT size = 19406
zc = 9 zm = 8 zs = 1 f = 0
zc = 1 zm = 8 zs = 2 f = 0
zc = 9 zm = 8 zs = 3 f = 0
zc = 9 zm = 8 zs = 0 f = 5
zc = 9 zm = 8 zs = 1 f = 5
zc = 1 zm = 8 zs = 2 f = 5
zc = 9 zm = 8 zs = 3 f = 5
Selecting parameters:
zc = 9 zm = 8 zs = 0 f = 0 IDAT size = 19406
Output IDAT size = 19406 bytes (2360 bytes decrease)
Output file size = 19484 bytes (3164 bytes = 13.97% decrease)
** Processing: /home/hornik/tmp/R.check/r-release-gcc/Work/PKGS/fixest.Rcheck/vign_test/fixest/vignettes/fixest_walkthrough_files/figure-html/unnamed-chunk-56-1.png
1344x960 pixels, 3x8 bits/pixel, RGB
Input IDAT size = 40971 bytes
Input file size = 41109 bytes
Trying:
zc = 9 zm = 8 zs = 0 f = 0
zc = 9 zm = 8 zs = 1 f = 0
zc = 1 zm = 8 zs = 2 f = 0
zc = 9 zm = 8 zs = 3 f = 0
zc = 9 zm = 8 zs = 0 f = 5 IDAT size = 37561
zc = 9 zm = 8 zs = 1 f = 5
zc = 1 zm = 8 zs = 2 f = 5
zc = 9 zm = 8 zs = 3 f = 5
Selecting parameters:
zc = 9 zm = 8 zs = 0 f = 5 IDAT size = 37561
Output IDAT size = 37561 bytes (3410 bytes decrease)
Output file size = 37639 bytes (3470 bytes = 8.44% decrease)
** Processing: /home/hornik/tmp/R.check/r-release-gcc/Work/PKGS/fixest.Rcheck/vign_test/fixest/vignettes/fixest_walkthrough_files/figure-html/unnamed-chunk-58-1.png
1344x960 pixels, 3x8 bits/pixel, RGB
Input IDAT size = 62964 bytes
Input file size = 63126 bytes
Trying:
zc = 9 zm = 8 zs = 0 f = 0 IDAT size = 48314
zc = 9 zm = 8 zs = 1 f = 0
zc = 1 zm = 8 zs = 2 f = 0
zc = 9 zm = 8 zs = 3 f = 0
zc = 9 zm = 8 zs = 0 f = 5
zc = 9 zm = 8 zs = 1 f = 5
zc = 1 zm = 8 zs = 2 f = 5
zc = 9 zm = 8 zs = 3 f = 5
Selecting parameters:
zc = 9 zm = 8 zs = 0 f = 0 IDAT size = 48314
Output IDAT size = 48314 bytes (14650 bytes decrease)
Output file size = 48392 bytes (14734 bytes = 23.34% decrease)
--- finished re-building ‘fixest_walkthrough.Rmd’
--- re-building ‘multiple_estimations.Rmd’ using rmarkdown
--- finished re-building ‘multiple_estimations.Rmd’
--- re-building ‘standard_errors.Rmd’ using rmarkdown
--- finished re-building ‘standard_errors.Rmd’
SUMMARY: processing the following file failed:
‘exporting_tables.Rmd’
Error: Vignette re-building failed.
Execution halted
Flavor: r-release-linux-x86_64
Version: 0.12.1
Check: installed package size
Result: NOTE
installed size is 11.8Mb
sub-directories of 1Mb or more:
R 2.0Mb
doc 3.6Mb
libs 5.0Mb
Flavors: r-release-macos-arm64, r-release-macos-x86_64, r-release-windows-x86_64, r-oldrel-macos-arm64, r-oldrel-macos-x86_64, r-oldrel-windows-x86_64