CRAN Package Check Results for Package fixest

Last updated on 2022-12-03 23:01:28 CET.

Flavor Version Tinstall Tcheck Ttotal Status Flags
r-devel-linux-x86_64-debian-clang 0.11.0 138.64 352.08 490.72 OK
r-devel-linux-x86_64-debian-gcc 0.11.0 106.27 304.33 410.60 OK
r-devel-linux-x86_64-fedora-clang 0.11.0 673.26 NOTE
r-devel-linux-x86_64-fedora-gcc 0.11.0 553.19 OK
r-devel-windows-x86_64 0.11.0 190.00 372.00 562.00 NOTE
r-patched-linux-x86_64 0.11.0 125.48 329.98 455.46 OK
r-release-linux-x86_64 0.11.0 119.64 317.78 437.42 OK
r-release-macos-arm64 0.11.0 142.00 NOTE
r-release-macos-x86_64 0.11.0 176.00 NOTE
r-release-windows-x86_64 0.11.0 223.00 348.00 571.00 NOTE
r-oldrel-macos-arm64 0.11.0 144.00 NOTE
r-oldrel-macos-x86_64 0.11.0 179.00 NOTE
r-oldrel-windows-ix86+x86_64 0.11.0 301.00 435.00 736.00 NOTE

Check Details

Version: 0.11.0
Check: installed package size
Result: NOTE
     installed size is 6.8Mb
     sub-directories of 1Mb or more:
     R 1.4Mb
     doc 3.6Mb
Flavors: r-devel-linux-x86_64-fedora-clang, r-devel-windows-x86_64, r-release-macos-arm64, r-release-macos-x86_64, r-release-windows-x86_64, r-oldrel-macos-arm64, r-oldrel-macos-x86_64, r-oldrel-windows-ix86+x86_64