Last updated on 2025-04-29 21:49:47 CEST.
Flavor | Version | Tinstall | Tcheck | Ttotal | Status | Flags |
---|---|---|---|---|---|---|
r-devel-linux-x86_64-debian-clang | 0.1.1 | 71.75 | 398.01 | 469.76 | OK | |
r-devel-linux-x86_64-debian-gcc | 0.1.1 | 38.84 | 246.94 | 285.78 | OK | |
r-devel-linux-x86_64-fedora-clang | 0.1.1 | 764.91 | OK | |||
r-devel-linux-x86_64-fedora-gcc | 0.1.1 | 744.70 | OK | |||
r-devel-windows-x86_64 | 0.1.1 | 71.00 | 515.00 | 586.00 | OK | |
r-patched-linux-x86_64 | 0.1.1 | 82.34 | 369.29 | 451.63 | OK | |
r-release-linux-x86_64 | 0.1.1 | 61.19 | 373.78 | 434.97 | OK | |
r-release-macos-arm64 | 0.1.1 | 154.00 | OK | |||
r-release-macos-x86_64 | 0.1.1 | 350.00 | OK | |||
r-release-windows-x86_64 | 0.1.1 | 74.00 | 517.00 | 591.00 | OK | |
r-oldrel-macos-arm64 | 0.1.1 | 150.00 | NOTE | |||
r-oldrel-macos-x86_64 | 0.1.1 | 365.00 | NOTE | |||
r-oldrel-windows-x86_64 | 0.1.1 | 90.00 | 593.00 | 683.00 | OK |
Version: 0.1.1
Check: installed package size
Result: NOTE
installed size is 5.5Mb
sub-directories of 1Mb or more:
R 2.0Mb
help 3.1Mb
Flavors: r-oldrel-macos-arm64, r-oldrel-macos-x86_64