Last updated on 2024-04-24 20:54:06 CEST.
Flavor | Version | Tinstall | Tcheck | Ttotal | Status | Flags |
---|---|---|---|---|---|---|
r-devel-linux-x86_64-debian-clang | 1.0.6 | 60.96 | 500.48 | 561.44 | OK | |
r-devel-linux-x86_64-debian-gcc | 1.0.6 | 50.68 | 355.54 | 406.22 | OK | |
r-devel-linux-x86_64-fedora-clang | 1.0.6 | 685.19 | NOTE | |||
r-devel-linux-x86_64-fedora-gcc | 1.0.6 | 679.49 | OK | |||
r-devel-windows-x86_64 | 1.0.6 | 40.00 | 289.00 | 329.00 | NOTE | |
r-patched-linux-x86_64 | 1.0.6 | 40.82 | 478.11 | 518.93 | OK | |
r-release-linux-x86_64 | 1.0.6 | 45.59 | 461.92 | 507.51 | OK | |
r-release-macos-arm64 | 1.0.6 | 148.00 | NOTE | |||
r-release-macos-x86_64 | 1.0.6 | 400.00 | NOTE | |||
r-release-windows-x86_64 | 1.0.6 | 38.00 | 286.00 | 324.00 | NOTE | |
r-oldrel-macos-arm64 | 1.0.6 | 144.00 | NOTE | |||
r-oldrel-macos-x86_64 | 1.0.6 | 412.00 | NOTE | |||
r-oldrel-windows-x86_64 | 1.0.6 | 56.00 | 396.00 | 452.00 | NOTE |
Version: 1.0.6
Check: package dependencies
Result: NOTE
Imports includes 25 non-default packages.
Importing from so many packages makes the package vulnerable to any of
them becoming unavailable. Move as many as possible to Suggests and
use conditionally.
Flavor: r-devel-linux-x86_64-fedora-clang
Version: 1.0.6
Check: installed package size
Result: NOTE
installed size is 5.8Mb
sub-directories of 1Mb or more:
doc 4.0Mb
Flavors: r-devel-linux-x86_64-fedora-clang, r-devel-windows-x86_64, r-release-macos-arm64, r-release-macos-x86_64, r-release-windows-x86_64, r-oldrel-macos-arm64, r-oldrel-macos-x86_64, r-oldrel-windows-x86_64