Last updated on 2025-07-12 20:50:29 CEST.
Flavor | Version | Tinstall | Tcheck | Ttotal | Status | Flags |
---|---|---|---|---|---|---|
r-devel-linux-x86_64-debian-clang | 1.2.3 | 8.72 | 73.55 | 82.27 | OK | |
r-devel-linux-x86_64-debian-gcc | 1.2.3 | 6.75 | 52.23 | 58.98 | OK | |
r-devel-linux-x86_64-fedora-clang | 1.2.3 | 128.12 | NOTE | |||
r-devel-linux-x86_64-fedora-gcc | 1.2.3 | 122.65 | NOTE | |||
r-devel-windows-x86_64 | 1.2.3 | 11.00 | 79.00 | 90.00 | OK | |
r-patched-linux-x86_64 | 1.2.3 | 8.44 | 66.88 | 75.32 | OK | |
r-release-linux-x86_64 | 1.2.3 | 8.65 | 65.65 | 74.30 | OK | |
r-release-macos-arm64 | 1.2.3 | 33.00 | OK | |||
r-release-macos-x86_64 | 1.2.3 | 67.00 | OK | |||
r-release-windows-x86_64 | 1.2.3 | 10.00 | 79.00 | 89.00 | OK | |
r-oldrel-macos-arm64 | 1.2.3 | 31.00 | OK | |||
r-oldrel-macos-x86_64 | 1.2.3 | 51.00 | OK | |||
r-oldrel-windows-x86_64 | 1.2.3 | 15.00 | 94.00 | 109.00 | OK |
Version: 1.2.3
Check: dependencies in R code
Result: NOTE
Namespaces in Imports field not imported from:
‘httr’ ‘jsonlite’
All declared Imports should be used.
Flavors: r-devel-linux-x86_64-fedora-clang, r-devel-linux-x86_64-fedora-gcc