CRAN Package Check Results for Package finnts

Last updated on 2023-01-27 20:49:10 CET.

Flavor Version Tinstall Tcheck Ttotal Status Flags
r-devel-linux-x86_64-debian-clang 0.2.1 41.23 920.66 961.89 OK
r-devel-linux-x86_64-debian-gcc 0.2.1 31.15 693.56 724.71 OK
r-devel-linux-x86_64-fedora-clang 0.2.1 1267.71 NOTE
r-devel-linux-x86_64-fedora-gcc 0.2.1 1216.67 OK
r-devel-windows-x86_64 0.2.1 51.00 901.00 952.00 OK
r-patched-linux-x86_64 0.2.1 36.34 877.26 913.60 OK
r-release-linux-x86_64 0.2.1 35.76 850.35 886.11 OK
r-release-macos-arm64 0.2.1 222.00 OK
r-release-macos-x86_64 0.2.1 319.00 OK
r-release-windows-x86_64 0.2.1 52.00 970.00 1022.00 OK
r-oldrel-macos-arm64 0.2.1 150.00 OK
r-oldrel-macos-x86_64 0.2.1 329.00 OK
r-oldrel-windows-ix86+x86_64 0.2.1 90.00 1004.00 1094.00 OK

Check Details

Version: 0.2.1
Check: package dependencies
Result: NOTE
    Imports includes 29 non-default packages.
    Importing from so many packages makes the package vulnerable to any of
    them becoming unavailable. Move as many as possible to Suggests and
    use conditionally.
Flavor: r-devel-linux-x86_64-fedora-clang