Last updated on 2025-10-20 20:49:27 CEST.
Flavor | Version | Tinstall | Tcheck | Ttotal | Status | Flags |
---|---|---|---|---|---|---|
r-devel-linux-x86_64-debian-clang | 0.6.0 | 30.94 | 624.38 | 655.32 | OK | |
r-devel-linux-x86_64-debian-gcc | 0.6.0 | 22.56 | 487.15 | 509.71 | NOTE | |
r-devel-linux-x86_64-fedora-clang | 0.6.0 | 1035.78 | OK | |||
r-devel-linux-x86_64-fedora-gcc | 0.6.0 | 1051.77 | OK | |||
r-devel-windows-x86_64 | 0.6.0 | 33.00 | 647.00 | 680.00 | OK | |
r-patched-linux-x86_64 | 0.6.0 | 29.66 | 602.32 | 631.98 | OK | |
r-release-linux-x86_64 | 0.6.0 | 31.92 | 608.27 | 640.19 | OK | |
r-release-macos-arm64 | 0.6.0 | 155.00 | OK | |||
r-release-macos-x86_64 | 0.6.0 | 357.00 | OK | |||
r-release-windows-x86_64 | 0.6.0 | 33.00 | 634.00 | 667.00 | OK | |
r-oldrel-macos-arm64 | 0.6.0 | 184.00 | OK | |||
r-oldrel-macos-x86_64 | 0.6.0 | 376.00 | OK | |||
r-oldrel-windows-x86_64 | 0.6.0 | 45.00 | 769.00 | 814.00 | OK |
Version: 0.6.0
Check: HTML version of manual
Result: NOTE
Found the following HTML validation problems:
cubist_multistep_fit_impl.html:88:1 (cubist_multistep_fit_impl.Rd:36): Warning: missing </ul> before </div>
glmnet_multistep_fit_impl.html:83:1 (glmnet_multistep_fit_impl.Rd:33): Warning: missing </ul> before </div>
mars_multistep_fit_impl.html:89:1 (mars_multistep_fit_impl.Rd:37): Warning: missing </ul> before </div>
svm_poly_multistep_fit_impl.html:96:1 (svm_poly_multistep_fit_impl.Rd:42): Warning: missing </ul> before </div>
svm_rbf_multistep_fit_impl.html:90:1 (svm_rbf_multistep_fit_impl.Rd:38): Warning: missing </ul> before </div>
xgboost_multistep_fit_impl.html:138:1 (xgboost_multistep_fit_impl.Rd:70): Warning: missing </ul> before </div>
Flavor: r-devel-linux-x86_64-debian-gcc