CRAN Package Check Results for Package fingerPro

Last updated on 2022-12-07 21:55:25 CET.

Flavor Version Tinstall Tcheck Ttotal Status Flags
r-devel-linux-x86_64-debian-clang 1.1 38.04 160.12 198.16 OK
r-devel-linux-x86_64-debian-gcc 1.1 32.21 122.30 154.51 OK
r-devel-linux-x86_64-fedora-clang 1.1 286.97 NOTE
r-devel-linux-x86_64-fedora-gcc 1.1 261.83 NOTE
r-devel-windows-x86_64 1.1 47.00 192.00 239.00 OK
r-patched-linux-x86_64 1.1 41.35 173.48 214.83 OK
r-release-linux-x86_64 1.1 41.40 174.22 215.62 OK
r-release-macos-arm64 1.1 110.00 NOTE
r-release-macos-x86_64 1.1 193.00 NOTE
r-release-windows-x86_64 1.1 86.00 195.00 281.00 OK
r-oldrel-macos-arm64 1.1 192.00 NOTE
r-oldrel-macos-x86_64 1.1 128.00 NOTE
r-oldrel-windows-ix86+x86_64 1.1 97.00 231.00 328.00 OK

Check Details

Version: 1.1
Check: dependencies in R code
Result: NOTE
    Namespace in Imports field not imported from: ‘RcppProgress’
     All declared Imports should be used.
Flavors: r-devel-linux-x86_64-fedora-clang, r-devel-linux-x86_64-fedora-gcc, r-release-macos-arm64, r-release-macos-x86_64, r-oldrel-macos-arm64, r-oldrel-macos-x86_64