Last updated on 2025-05-08 20:49:35 CEST.
Flavor | Version | Tinstall | Tcheck | Ttotal | Status | Flags |
---|---|---|---|---|---|---|
r-devel-linux-x86_64-debian-clang | 0.1.3 | 5.62 | 44.77 | 50.39 | NOTE | |
r-devel-linux-x86_64-debian-gcc | 0.1.3 | 3.54 | 32.33 | 35.87 | NOTE | |
r-devel-linux-x86_64-fedora-clang | 0.1.3 | 81.75 | OK | |||
r-devel-linux-x86_64-fedora-gcc | 0.1.3 | 73.63 | OK | |||
r-devel-windows-x86_64 | 0.1.3 | 7.00 | 60.00 | 67.00 | OK | |
r-patched-linux-x86_64 | 0.1.3 | 5.32 | 41.92 | 47.24 | OK | |
r-release-linux-x86_64 | 0.1.3 | 4.91 | 41.76 | 46.67 | OK | |
r-release-macos-arm64 | 0.1.3 | 28.00 | OK | |||
r-release-macos-x86_64 | 0.1.3 | 78.00 | OK | |||
r-release-windows-x86_64 | 0.1.3 | 7.00 | 64.00 | 71.00 | OK | |
r-oldrel-macos-arm64 | 0.1.3 | 22.00 | NOTE | |||
r-oldrel-macos-x86_64 | 0.1.3 | 47.00 | NOTE | |||
r-oldrel-windows-x86_64 | 0.1.3 | 8.00 | 69.00 | 77.00 | NOTE |
Version: 0.1.3
Check: CRAN incoming feasibility
Result: NOTE
Maintainer: ‘Thibault Sellam <thibault.sellam@gmail.com>’
No Authors@R field in DESCRIPTION.
Please add one, modifying
Authors@R: person(given = "Thibault",
family = "Sellam",
role = c("aut", "cre"),
email = "thibault.sellam@gmail.com")
as necessary.
Flavors: r-devel-linux-x86_64-debian-clang, r-devel-linux-x86_64-debian-gcc
Version: 0.1.3
Check: LazyData
Result: NOTE
'LazyData' is specified without a 'data' directory
Flavors: r-oldrel-macos-arm64, r-oldrel-macos-x86_64, r-oldrel-windows-x86_64