CRAN Package Check Results for Package fgm

Last updated on 2023-10-04 20:42:27 CEST.

Flavor Version Tinstall Tcheck Ttotal Status Flags
r-devel-linux-x86_64-debian-clang 1.0 14.19 108.45 122.64 NOTE
r-devel-linux-x86_64-debian-gcc 1.0 9.49 80.31 89.80 NOTE
r-devel-linux-x86_64-fedora-clang 1.0 146.03 NOTE
r-devel-linux-x86_64-fedora-gcc 1.0 142.51 NOTE
r-devel-windows-x86_64 1.0 12.00 91.00 103.00 NOTE
r-patched-linux-x86_64 1.0 7.18 101.87 109.05 NOTE
r-release-linux-x86_64 1.0 11.91 103.04 114.95 NOTE
r-release-macos-arm64 1.0 43.00 NOTE
r-release-macos-x86_64 1.0 68.00 NOTE
r-release-windows-x86_64 1.0 15.00 111.00 126.00 NOTE
r-oldrel-macos-arm64 1.0 43.00 NOTE
r-oldrel-macos-x86_64 1.0 73.00 NOTE
r-oldrel-windows-x86_64 1.0 15.00 112.00 127.00 NOTE

Check Details

Version: 1.0
Check: LazyData
Result: NOTE
     'LazyData' is specified without a 'data' directory
Flavors: r-devel-linux-x86_64-debian-clang, r-devel-linux-x86_64-debian-gcc, r-devel-linux-x86_64-fedora-clang, r-devel-linux-x86_64-fedora-gcc, r-devel-windows-x86_64, r-patched-linux-x86_64, r-release-linux-x86_64, r-release-macos-arm64, r-release-macos-x86_64, r-release-windows-x86_64, r-oldrel-macos-arm64, r-oldrel-macos-x86_64, r-oldrel-windows-x86_64