CRAN Package Check Results for Package fftw

Last updated on 2022-10-07 21:51:05 CEST.

Flavor Version Tinstall Tcheck Ttotal Status Flags
r-devel-linux-x86_64-debian-clang 1.0-7 4.37 23.27 27.64 OK
r-devel-linux-x86_64-debian-gcc 1.0-7 2.65 17.96 20.61 NOTE
r-devel-linux-x86_64-fedora-clang 1.0-7 46.35 OK
r-devel-linux-x86_64-fedora-gcc 1.0-7 42.21 OK
r-devel-windows-x86_64 1.0-7 9.00 50.00 59.00 OK
r-patched-linux-x86_64 1.0-7 3.25 22.58 25.83 OK
r-release-linux-x86_64 1.0-7 3.27 22.52 25.79 OK
r-release-macos-arm64 1.0-7 18.00 OK
r-release-macos-x86_64 1.0-7 26.00 OK
r-release-windows-x86_64 1.0-7 8.00 55.00 63.00 OK
r-oldrel-macos-arm64 1.0-7 16.00 OK
r-oldrel-macos-x86_64 1.0-7 25.00 OK
r-oldrel-windows-ix86+x86_64 1.0-7 8.00 37.00 45.00 OK

Check Details

Version: 1.0-7
Check: compilation flags used
Result: NOTE
    Compilation used the following non-portable flag(s):
     ‘-Wstrict-prototypes’
Flavor: r-devel-linux-x86_64-debian-gcc