CRAN Package Check Results for Package ferrn

Last updated on 2025-02-20 19:51:30 CET.

Flavor Version Tinstall Tcheck Ttotal Status Flags
r-devel-linux-x86_64-debian-clang 0.1.0 7.40 67.75 75.15 NOTE
r-devel-linux-x86_64-debian-gcc 0.1.0 5.26 46.14 51.40 NOTE
r-devel-linux-x86_64-fedora-clang 0.1.0 118.48 NOTE
r-devel-linux-x86_64-fedora-gcc 0.1.0 112.59 NOTE
r-devel-macos-arm64 0.1.0 34.00 OK
r-devel-macos-x86_64 0.1.0 69.00 NOTE
r-devel-windows-x86_64 0.1.0 10.00 84.00 94.00 NOTE
r-patched-linux-x86_64 0.1.0 7.51 62.39 69.90 OK
r-release-linux-x86_64 0.1.0 7.41 63.32 70.73 OK
r-release-macos-arm64 0.1.0 37.00 OK
r-release-macos-x86_64 0.1.0 91.00 OK
r-release-windows-x86_64 0.1.0 11.00 82.00 93.00 OK
r-oldrel-macos-arm64 0.1.0 43.00 OK
r-oldrel-macos-x86_64 0.1.0 72.00 OK
r-oldrel-windows-x86_64 0.1.0 13.00 102.00 115.00 OK

Check Details

Version: 0.1.0
Check: DESCRIPTION meta-information
Result: NOTE Missing dependency on R >= 4.1.0 because package code uses the pipe |> or function shorthand \(...) syntax added in R 4.1.0. File(s) using such syntax: ‘calc-squintability.R’ ‘get.R’ ‘plot-projection.R’ Flavors: r-devel-linux-x86_64-debian-clang, r-devel-linux-x86_64-debian-gcc, r-devel-linux-x86_64-fedora-clang, r-devel-linux-x86_64-fedora-gcc, r-devel-macos-x86_64, r-devel-windows-x86_64