Last updated on 2025-11-02 23:49:37 CET.
| Flavor | Version | Tinstall | Tcheck | Ttotal | Status | Flags |
|---|---|---|---|---|---|---|
| r-devel-linux-x86_64-debian-clang | 1.0 | 14.87 | 115.51 | 130.38 | NOTE | |
| r-devel-linux-x86_64-debian-gcc | 1.0 | 9.88 | 79.62 | 89.50 | NOTE | |
| r-devel-linux-x86_64-fedora-clang | 1.0 | 56.00 | 156.95 | 212.95 | OK | |
| r-devel-linux-x86_64-fedora-gcc | 1.0 | 26.00 | 158.88 | 184.88 | OK | |
| r-devel-windows-x86_64 | 1.0 | 16.00 | 110.00 | 126.00 | OK | |
| r-patched-linux-x86_64 | 1.0 | 14.14 | 107.80 | 121.94 | OK | |
| r-release-linux-x86_64 | 1.0 | 14.39 | 106.91 | 121.30 | OK | |
| r-release-macos-arm64 | 1.0 | 7.00 | 45.00 | 52.00 | OK | |
| r-release-macos-x86_64 | 1.0 | 14.00 | 78.00 | 92.00 | OK | |
| r-release-windows-x86_64 | 1.0 | 16.00 | 108.00 | 124.00 | OK | |
| r-oldrel-macos-arm64 | 1.0 | 6.00 | 38.00 | 44.00 | OK | |
| r-oldrel-macos-x86_64 | 1.0 | 9.00 | 61.00 | 70.00 | OK | |
| r-oldrel-windows-x86_64 | 1.0 | 20.00 | 140.00 | 160.00 | OK |
Version: 1.0
Check: CRAN incoming feasibility
Result: NOTE
Maintainer: ‘Thuan Nguyen <nguythua@ohsu.edu>’
No Authors@R field in DESCRIPTION.
Please add one, modifying
Authors@R: c(person(given = "Jiming",
family = "Jiang",
role = "aut"),
person(given = "Jianyang",
family = "Zhao",
role = "aut"),
person(given = c("J.", "Sunil"),
family = "Rao",
role = "aut"),
person(given = "Thuan",
family = "Nguyen",
role = c("aut", "cre"),
email = "nguythua@ohsu.edu"))
as necessary.
Flavors: r-devel-linux-x86_64-debian-clang, r-devel-linux-x86_64-debian-gcc