CRAN Package Check Results for Package fedregs

Last updated on 2022-10-02 22:51:37 CEST.

Flavor Version Tinstall Tcheck Ttotal Status Flags
r-devel-linux-x86_64-debian-clang 1.0.0 4.85 58.40 63.25 NOTE
r-devel-linux-x86_64-debian-gcc 1.0.0 3.96 44.21 48.17 NOTE
r-devel-linux-x86_64-fedora-clang 1.0.0 89.26 NOTE
r-devel-linux-x86_64-fedora-gcc 1.0.0 88.57 NOTE
r-devel-windows-x86_64 1.0.0 9.00 98.00 107.00 NOTE
r-patched-linux-x86_64 1.0.0 3.84 55.40 59.24 NOTE
r-release-linux-x86_64 1.0.0 3.42 55.70 59.12 NOTE
r-release-macos-arm64 1.0.0 51.00 NOTE
r-release-macos-x86_64 1.0.0 77.00 NOTE
r-release-windows-x86_64 1.0.0 10.00 97.00 107.00 NOTE
r-oldrel-macos-arm64 1.0.0 56.00 NOTE
r-oldrel-macos-x86_64 1.0.0 63.00 NOTE
r-oldrel-windows-ix86+x86_64 1.0.0 13.00 92.00 105.00 NOTE

Check Details

Version: 1.0.0
Check: package subdirectories
Result: NOTE
    Problems with news in 'NEWS.md':
     Cannot extract version info from the following section titles:
     New Stuff
Flavors: r-devel-linux-x86_64-debian-clang, r-devel-linux-x86_64-debian-gcc, r-devel-linux-x86_64-fedora-clang, r-devel-linux-x86_64-fedora-gcc, r-devel-windows-x86_64

Version: 1.0.0
Check: LazyData
Result: NOTE
     'LazyData' is specified without a 'data' directory
Flavors: r-devel-linux-x86_64-debian-clang, r-devel-linux-x86_64-debian-gcc, r-devel-linux-x86_64-fedora-clang, r-devel-linux-x86_64-fedora-gcc, r-devel-windows-x86_64, r-patched-linux-x86_64, r-release-linux-x86_64, r-release-macos-arm64, r-release-macos-x86_64, r-release-windows-x86_64, r-oldrel-macos-arm64, r-oldrel-macos-x86_64, r-oldrel-windows-ix86+x86_64

Version: 1.0.0
Check: dependencies in R code
Result: NOTE
    Namespaces in Imports field not imported from:
     ‘rvest’ ‘stringi’
     All declared Imports should be used.
Flavors: r-devel-linux-x86_64-fedora-clang, r-devel-linux-x86_64-fedora-gcc, r-release-macos-arm64, r-release-macos-x86_64, r-oldrel-macos-arm64, r-oldrel-macos-x86_64