CRAN Package Check Results for Package feather

Last updated on 2023-01-26 19:49:27 CET.

Flavor Version Tinstall Tcheck Ttotal Status Flags
r-devel-linux-x86_64-debian-clang 0.3.5 54.38 44.05 98.43 NOTE
r-devel-linux-x86_64-debian-gcc 0.3.5 43.69 33.45 77.14 NOTE
r-devel-linux-x86_64-fedora-clang 0.3.5 148.06 NOTE
r-devel-linux-x86_64-fedora-gcc 0.3.5 134.11 NOTE
r-devel-windows-x86_64 0.3.5 117.00 89.00 206.00 NOTE
r-patched-linux-x86_64 0.3.5 45.70 43.24 88.94 NOTE
r-release-linux-x86_64 0.3.5 46.45 43.66 90.11 NOTE
r-release-macos-arm64 0.3.5 38.00 NOTE
r-release-macos-x86_64 0.3.5 49.00 NOTE
r-release-windows-x86_64 0.3.5 64.00 94.00 158.00 NOTE
r-oldrel-macos-arm64 0.3.5 42.00 NOTE
r-oldrel-macos-x86_64 0.3.5 49.00 NOTE
r-oldrel-windows-ix86+x86_64 0.3.5 132.00 99.00 231.00 NOTE

Additional issues

rchk

Check Details

Version: 0.3.5
Check: LazyData
Result: NOTE
     'LazyData' is specified without a 'data' directory
Flavors: r-devel-linux-x86_64-debian-clang, r-devel-linux-x86_64-debian-gcc, r-devel-linux-x86_64-fedora-clang, r-devel-linux-x86_64-fedora-gcc, r-devel-windows-x86_64, r-patched-linux-x86_64, r-release-linux-x86_64, r-release-macos-arm64, r-release-macos-x86_64, r-release-windows-x86_64, r-oldrel-macos-arm64, r-oldrel-macos-x86_64, r-oldrel-windows-ix86+x86_64

Version: 0.3.5
Check: C++ specification
Result: NOTE
     Specified C++11: please update to current default of C++17
Flavor: r-devel-linux-x86_64-fedora-gcc