CRAN Package Check Results for Package feasts

Last updated on 2022-11-29 20:52:59 CET.

Flavor Version Tinstall Tcheck Ttotal Status Flags
r-devel-linux-x86_64-debian-clang 0.3.0 11.66 168.09 179.75 OK
r-devel-linux-x86_64-debian-gcc 0.3.0 8.95 121.47 130.42 OK
r-devel-linux-x86_64-fedora-clang 0.3.0 228.62 NOTE
r-devel-linux-x86_64-fedora-gcc 0.3.0 236.89 NOTE
r-devel-windows-x86_64 0.3.0 52.00 183.00 235.00 OK
r-patched-linux-x86_64 0.3.0 10.15 159.69 169.84 OK
r-release-linux-x86_64 0.3.0 12.74 156.96 169.70 OK
r-release-macos-arm64 0.3.0 58.00 NOTE
r-release-macos-x86_64 0.3.0 79.00 NOTE
r-release-windows-x86_64 0.3.0 71.00 201.00 272.00 OK
r-oldrel-macos-arm64 0.3.0 61.00 NOTE
r-oldrel-macos-x86_64 0.3.0 82.00 NOTE
r-oldrel-windows-ix86+x86_64 0.3.0 26.00 199.00 225.00 OK

Check Details

Version: 0.3.0
Check: dependencies in R code
Result: NOTE
    Namespace in Imports field not imported from: ‘scales’
     All declared Imports should be used.
Flavors: r-devel-linux-x86_64-fedora-clang, r-devel-linux-x86_64-fedora-gcc, r-release-macos-arm64, r-release-macos-x86_64, r-oldrel-macos-arm64, r-oldrel-macos-x86_64

Version: 0.3.0
Check: package dependencies
Result: NOTE
    Package suggested but not available for checking: ‘fable’
Flavor: r-release-macos-x86_64