Last updated on 2025-04-29 21:49:46 CEST.
Flavor | Version | Tinstall | Tcheck | Ttotal | Status | Flags |
---|---|---|---|---|---|---|
r-devel-linux-x86_64-debian-clang | 1.8 | 16.80 | 67.93 | 84.73 | NOTE | |
r-devel-linux-x86_64-debian-gcc | 1.8 | 13.20 | 50.55 | 63.75 | NOTE | |
r-devel-linux-x86_64-fedora-clang | 1.8 | 129.92 | OK | |||
r-devel-linux-x86_64-fedora-gcc | 1.8 | 131.94 | OK | |||
r-devel-windows-x86_64 | 1.8 | 19.00 | 89.00 | 108.00 | OK | |
r-patched-linux-x86_64 | 1.8 | 17.54 | 65.39 | 82.93 | OK | |
r-release-linux-x86_64 | 1.8 | 16.03 | 65.57 | 81.60 | OK | |
r-release-macos-arm64 | 1.8 | 45.00 | OK | |||
r-release-macos-x86_64 | 1.8 | 88.00 | OK | |||
r-release-windows-x86_64 | 1.8 | 18.00 | 86.00 | 104.00 | OK | |
r-oldrel-macos-arm64 | 1.8 | 45.00 | OK | |||
r-oldrel-macos-x86_64 | 1.8 | 64.00 | OK | |||
r-oldrel-windows-x86_64 | 1.8 | 23.00 | 97.00 | 120.00 | OK |
Version: 1.8
Check: CRAN incoming feasibility
Result: NOTE
Maintainer: ‘Han Lin Shang <hanlin.shang@anu.edu.au>’
No Authors@R field in DESCRIPTION.
Please add one, modifying
Authors@R: c(person(given = c("Han", "Lin"),
family = "Shang",
role = c("aut", "cre"),
email = "hanlin.shang@anu.edu.au"),
person(given = c("Rob", "J"),
family = "Hyndman",
role = "aut"))
as necessary.
Flavors: r-devel-linux-x86_64-debian-clang, r-devel-linux-x86_64-debian-gcc