Last updated on 2024-04-19 20:56:37 CEST.
Flavor | Version | Tinstall | Tcheck | Ttotal | Status | Flags |
---|---|---|---|---|---|---|
r-devel-linux-x86_64-debian-clang | 0.5-2 | 37.02 | 121.53 | 158.55 | NOTE | |
r-devel-linux-x86_64-debian-gcc | 0.5-2 | NOTE | ||||
r-devel-linux-x86_64-fedora-clang | 0.5-2 | 206.80 | NOTE | |||
r-devel-linux-x86_64-fedora-gcc | 0.5-2 | 215.18 | NOTE | |||
r-prerel-macos-arm64 | 0.5-2 | 59.00 | NOTE | |||
r-prerel-windows-x86_64 | 0.5-2 | 31.00 | 130.00 | 161.00 | NOTE | |
r-patched-linux-x86_64 | 0.5-2 | 33.61 | 116.48 | 150.09 | NOTE | |
r-release-linux-x86_64 | 0.5-2 | 39.77 | 116.22 | 155.99 | NOTE | |
r-release-macos-arm64 | 0.5-2 | 65.00 | NOTE | |||
r-release-macos-x86_64 | 0.5-2 | 108.00 | NOTE | |||
r-release-windows-x86_64 | 0.5-2 | 35.00 | 158.00 | 193.00 | NOTE | |
r-oldrel-macos-arm64 | 0.5-2 | 52.00 | OK | |||
r-oldrel-windows-x86_64 | 0.5-2 | 37.00 | 158.00 | 195.00 | OK |
Version: 0.5-2
Check: C++ specification
Result: NOTE
Specified C++11: please drop specification unless essential
Flavors: r-devel-linux-x86_64-debian-clang, r-devel-linux-x86_64-debian-gcc, r-devel-linux-x86_64-fedora-clang, r-devel-linux-x86_64-fedora-gcc, r-prerel-macos-arm64, r-prerel-windows-x86_64, r-patched-linux-x86_64, r-release-linux-x86_64, r-release-macos-arm64, r-release-macos-x86_64, r-release-windows-x86_64