Last updated on 2025-11-22 19:50:29 CET.
| Flavor | Version | Tinstall | Tcheck | Ttotal | Status | Flags |
|---|---|---|---|---|---|---|
| r-devel-linux-x86_64-debian-clang | 2.1.1 | 10.12 | 112.36 | 122.48 | NOTE | |
| r-devel-linux-x86_64-debian-gcc | 2.1.1 | 7.54 | 78.51 | 86.05 | NOTE | |
| r-devel-linux-x86_64-fedora-clang | 2.1.1 | 49.00 | 151.46 | 200.46 | NOTE | |
| r-devel-linux-x86_64-fedora-gcc | 2.1.1 | 24.00 | 159.41 | 183.41 | NOTE | |
| r-devel-windows-x86_64 | 2.1.1 | 15.00 | 136.00 | 151.00 | NOTE | |
| r-patched-linux-x86_64 | 2.1.1 | 11.26 | 106.63 | 117.89 | NOTE | |
| r-release-linux-x86_64 | 2.1.1 | 10.70 | 109.17 | 119.87 | NOTE | |
| r-release-macos-arm64 | 2.1.1 | NOTE | ||||
| r-release-macos-x86_64 | 2.1.1 | 9.00 | 95.00 | 104.00 | NOTE | |
| r-release-windows-x86_64 | 2.1.1 | 13.00 | 149.00 | 162.00 | NOTE | |
| r-oldrel-macos-arm64 | 2.1.1 | NOTE | ||||
| r-oldrel-macos-x86_64 | 2.1.1 | 13.00 | 81.00 | 94.00 | NOTE | |
| r-oldrel-windows-x86_64 | 2.1.1 | 16.00 | 157.00 | 173.00 | NOTE |
Version: 2.1.1
Check: CRAN incoming feasibility
Result: NOTE
Maintainer: ‘Alessia Pini <alessia.pini@polimi.it>’
No Authors@R field in DESCRIPTION.
Please add one, modifying
Authors@R: c(person(given = "Alessia",
family = "Pini",
role = c("aut", "cre"),
email = "alessia.pini@polimi.it"),
person(given = "Simone",
family = "Vantini",
role = "aut"))
as necessary.
Flavors: r-devel-linux-x86_64-debian-clang, r-devel-linux-x86_64-debian-gcc
Version: 2.1.1
Check: Rd files
Result: NOTE
checkRd: (-1) NASAtemp.Rd:14: Lost braces in \itemize; meant \describe ?
checkRd: (-1) NASAtemp.Rd:15: Lost braces in \itemize; meant \describe ?
Flavors: r-devel-linux-x86_64-debian-clang, r-devel-linux-x86_64-debian-gcc, r-devel-linux-x86_64-fedora-clang, r-devel-linux-x86_64-fedora-gcc, r-devel-windows-x86_64, r-patched-linux-x86_64, r-release-linux-x86_64, r-release-macos-arm64, r-release-macos-x86_64, r-release-windows-x86_64, r-oldrel-macos-arm64, r-oldrel-macos-x86_64, r-oldrel-windows-x86_64