Last updated on 2025-11-02 23:49:37 CET.
| Flavor | Version | Tinstall | Tcheck | Ttotal | Status | Flags | 
|---|---|---|---|---|---|---|
| r-devel-linux-x86_64-debian-clang | 0.1.1 | 59.64 | 101.22 | 160.86 | OK | |
| r-devel-linux-x86_64-debian-gcc | 0.1.1 | 48.82 | 76.41 | 125.23 | OK | |
| r-devel-linux-x86_64-fedora-clang | 0.1.1 | 160.00 | 111.73 | 271.73 | OK | |
| r-devel-linux-x86_64-fedora-gcc | 0.1.1 | 101.00 | 164.33 | 265.33 | OK | |
| r-devel-windows-x86_64 | 0.1.1 | 62.00 | 116.00 | 178.00 | OK | |
| r-patched-linux-x86_64 | 0.1.1 | 61.08 | 100.53 | 161.61 | OK | |
| r-release-linux-x86_64 | 0.1.1 | 59.62 | 101.19 | 160.81 | OK | |
| r-release-macos-arm64 | 0.1.1 | 25.00 | 40.00 | 65.00 | OK | |
| r-release-macos-x86_64 | 0.1.1 | 41.00 | 70.00 | 111.00 | OK | |
| r-release-windows-x86_64 | 0.1.1 | 62.00 | 118.00 | 180.00 | OK | |
| r-oldrel-macos-arm64 | 0.1.1 | 25.00 | 38.00 | 63.00 | NOTE | |
| r-oldrel-macos-x86_64 | 0.1.1 | 36.00 | 52.00 | 88.00 | NOTE | |
| r-oldrel-windows-x86_64 | 0.1.1 | 79.00 | 150.00 | 229.00 | OK | 
Version: 0.1.1
Check: installed package size
Result: NOTE
    installed size is 17.0Mb
    sub-directories of 1Mb or more:
      libs  16.9Mb
Flavors: r-oldrel-macos-arm64, r-oldrel-macos-x86_64