CRAN Package Check Results for Package fdapace

Last updated on 2022-12-04 20:53:24 CET.

Flavor Version Tinstall Tcheck Ttotal Status Flags
r-devel-linux-x86_64-debian-clang 0.5.9 320.49 223.23 543.72 OK
r-devel-linux-x86_64-debian-gcc 0.5.9 263.34 175.06 438.40 OK
r-devel-linux-x86_64-fedora-clang 0.5.9 807.50 OK
r-devel-linux-x86_64-fedora-gcc 0.5.9 759.30 OK
r-devel-windows-x86_64 0.5.9 247.00 283.00 530.00 OK
r-patched-linux-x86_64 0.5.9 208.70 220.72 429.42 OK
r-release-linux-x86_64 0.5.9 203.32 218.80 422.12 OK
r-release-macos-arm64 0.5.9 138.00 NOTE
r-release-macos-x86_64 0.5.9 231.00 NOTE
r-release-windows-x86_64 0.5.9 259.00 308.00 567.00 OK
r-oldrel-macos-arm64 0.5.9 141.00 NOTE
r-oldrel-macos-x86_64 0.5.9 233.00 NOTE
r-oldrel-windows-ix86+x86_64 0.5.9 673.00 343.00 1016.00 OK

Check Details

Version: 0.5.9
Check: installed package size
Result: NOTE
     installed size is 40.2Mb
     sub-directories of 1Mb or more:
     libs 38.4Mb
Flavors: r-release-macos-arm64, r-release-macos-x86_64, r-oldrel-macos-arm64, r-oldrel-macos-x86_64