Last updated on 2024-04-19 20:56:37 CEST.
Flavor | Version | Tinstall | Tcheck | Ttotal | Status | Flags |
---|---|---|---|---|---|---|
r-devel-linux-x86_64-debian-clang | 0.3.0 | 320.83 | 360.71 | 681.54 | OK | |
r-devel-linux-x86_64-debian-gcc | 0.3.0 | OK | ||||
r-devel-linux-x86_64-fedora-clang | 0.3.0 | 1007.71 | NOTE | |||
r-devel-linux-x86_64-fedora-gcc | 0.3.0 | 957.41 | OK | |||
r-prerel-macos-arm64 | 0.3.0 | 188.00 | NOTE | |||
r-prerel-windows-x86_64 | 0.3.0 | 240.00 | 446.00 | 686.00 | NOTE | |
r-patched-linux-x86_64 | 0.3.0 | 223.26 | 343.80 | 567.06 | OK | |
r-release-linux-x86_64 | 0.3.0 | 229.33 | 335.81 | 565.14 | OK | |
r-release-macos-arm64 | 0.3.0 | 171.00 | NOTE | |||
r-release-macos-x86_64 | 0.3.0 | 394.00 | NOTE | |||
r-release-windows-x86_64 | 0.3.0 | 294.00 | 592.00 | 886.00 | NOTE | |
r-oldrel-macos-arm64 | 0.3.0 | 191.00 | NOTE | |||
r-oldrel-windows-x86_64 | 0.3.0 | 286.00 | 571.00 | 857.00 | NOTE |
Version: 0.3.0
Check: installed package size
Result: NOTE
installed size is 6.7Mb
sub-directories of 1Mb or more:
R 1.8Mb
doc 1.5Mb
help 2.1Mb
Flavors: r-devel-linux-x86_64-fedora-clang, r-prerel-macos-arm64, r-prerel-windows-x86_64, r-release-macos-arm64, r-release-macos-x86_64, r-release-windows-x86_64, r-oldrel-macos-arm64, r-oldrel-windows-x86_64