Last updated on 2024-03-27 19:56:51 CET.
Flavor | Version | Tinstall | Tcheck | Ttotal | Status | Flags |
---|---|---|---|---|---|---|
r-devel-linux-x86_64-debian-clang | 1.0.3 | 7.40 | 76.81 | 84.21 | OK | |
r-devel-linux-x86_64-debian-gcc | 1.0.3 | 5.31 | 57.12 | 62.43 | OK | |
r-devel-linux-x86_64-fedora-clang | 1.0.3 | 101.97 | NOTE | |||
r-devel-linux-x86_64-fedora-gcc | 1.0.3 | 111.59 | NOTE | |||
r-devel-windows-x86_64 | 1.0.3 | 8.00 | 73.00 | 81.00 | OK | |
r-patched-linux-x86_64 | 1.0.3 | 4.54 | 71.60 | 76.14 | OK | |
r-release-linux-x86_64 | 1.0.3 | 6.88 | 69.70 | 76.58 | OK | |
r-release-macos-arm64 | 1.0.3 | 38.00 | OK | |||
r-release-macos-x86_64 | 1.0.3 | 57.00 | OK | |||
r-release-windows-x86_64 | 1.0.3 | 10.00 | 84.00 | 94.00 | OK | |
r-oldrel-macos-arm64 | 1.0.3 | 34.00 | NOTE | |||
r-oldrel-windows-x86_64 | 1.0.3 | 9.00 | 91.00 | 100.00 | OK |
Version: 1.0.3
Check: dependencies in R code
Result: NOTE
Namespaces in Imports field not imported from:
‘FastGP’ ‘MASS’ ‘fdapace’
All declared Imports should be used.
Flavors: r-devel-linux-x86_64-fedora-clang, r-devel-linux-x86_64-fedora-gcc, r-oldrel-macos-arm64