CRAN Package Check Results for Package fdaPOIFD

Last updated on 2022-10-03 21:53:37 CEST.

Flavor Version Tinstall Tcheck Ttotal Status Flags
r-devel-linux-x86_64-debian-clang 1.0.3 6.59 76.72 83.31 OK
r-devel-linux-x86_64-debian-gcc 1.0.3 4.85 57.34 62.19 OK
r-devel-linux-x86_64-fedora-clang 1.0.3 114.53 NOTE
r-devel-linux-x86_64-fedora-gcc 1.0.3 119.45 NOTE
r-devel-windows-x86_64 1.0.3 20.00 100.00 120.00 OK
r-patched-linux-x86_64 1.0.3 5.49 71.78 77.27 OK
r-release-linux-x86_64 1.0.3 6.02 70.24 76.26 OK
r-release-macos-arm64 1.0.3 34.00 NOTE
r-release-macos-x86_64 1.0.3 45.00 NOTE
r-release-windows-x86_64 1.0.3 16.00 101.00 117.00 OK
r-oldrel-macos-arm64 1.0.3 30.00 NOTE
r-oldrel-macos-x86_64 1.0.3 50.00 NOTE
r-oldrel-windows-ix86+x86_64 1.0.3 17.00 100.00 117.00 OK

Check Details

Version: 1.0.3
Check: dependencies in R code
Result: NOTE
    Namespaces in Imports field not imported from:
     ‘FastGP’ ‘MASS’ ‘fdapace’
     All declared Imports should be used.
Flavors: r-devel-linux-x86_64-fedora-clang, r-devel-linux-x86_64-fedora-gcc, r-release-macos-arm64, r-release-macos-x86_64, r-oldrel-macos-arm64, r-oldrel-macos-x86_64