CRAN Package Check Results for Package fdaMixed

Last updated on 2022-09-27 21:53:49 CEST.

Flavor Version Tinstall Tcheck Ttotal Status Flags
r-devel-linux-x86_64-debian-clang 0.6 102.40 36.66 139.06 OK
r-devel-linux-x86_64-debian-gcc 0.6 88.18 28.23 116.41 OK
r-devel-linux-x86_64-fedora-clang 0.6 217.11 OK
r-devel-linux-x86_64-fedora-gcc 0.6 213.88 OK
r-devel-windows-x86_64 0.6 78.00 89.00 167.00 OK
r-patched-linux-x86_64 0.6 88.38 35.11 123.49 OK
r-release-linux-x86_64 0.6 84.53 35.40 119.93 OK
r-release-macos-arm64 0.6 50.00 NOTE
r-release-macos-x86_64 0.6 63.00 NOTE
r-release-windows-x86_64 0.6 85.00 85.00 170.00 OK
r-oldrel-macos-arm64 0.6 54.00 NOTE
r-oldrel-macos-x86_64 0.6 83.00 NOTE
r-oldrel-windows-ix86+x86_64 0.6 250.00 100.00 350.00 OK

Check Details

Version: 0.6
Check: installed package size
Result: NOTE
     installed size is 8.4Mb
     sub-directories of 1Mb or more:
     libs 8.3Mb
Flavors: r-release-macos-arm64, r-release-macos-x86_64, r-oldrel-macos-arm64, r-oldrel-macos-x86_64