Last updated on 2024-03-28 19:48:31 CET.
Flavor | Version | Tinstall | Tcheck | Ttotal | Status | Flags |
---|---|---|---|---|---|---|
r-devel-linux-x86_64-debian-clang | 6.1.8 | 33.17 | 273.56 | 306.73 | OK | |
r-devel-linux-x86_64-debian-gcc | 6.1.8 | 30.69 | 196.07 | 226.76 | OK | |
r-devel-linux-x86_64-fedora-clang | 6.1.8 | 366.12 | NOTE | |||
r-devel-linux-x86_64-fedora-gcc | 6.1.8 | 371.21 | OK | |||
r-devel-windows-x86_64 | 6.1.8 | 29.00 | 241.00 | 270.00 | OK | |
r-patched-linux-x86_64 | 6.1.8 | 33.85 | 260.46 | 294.31 | OK | |
r-release-linux-x86_64 | 6.1.8 | 30.83 | 269.20 | 300.03 | OK | |
r-release-macos-arm64 | 6.1.8 | 86.00 | OK | |||
r-release-macos-x86_64 | 6.1.8 | 221.00 | NOTE | |||
r-release-windows-x86_64 | 6.1.8 | 40.00 | 302.00 | 342.00 | OK | |
r-oldrel-macos-arm64 | 6.1.8 | 104.00 | OK | |||
r-oldrel-windows-x86_64 | 6.1.8 | 43.00 | 294.00 | 337.00 | NOTE |
Version: 6.1.8
Check: installed package size
Result: NOTE
installed size is 5.1Mb
sub-directories of 1Mb or more:
doc 2.7Mb
Flavors: r-devel-linux-x86_64-fedora-clang, r-release-macos-x86_64
Version: 6.1.8
Check: HTML version of manual
Result: NOTE
Found the following problems:
fRegress.Rd:321:38: Warning: nested emphasis <code>
Flavor: r-oldrel-windows-x86_64