CRAN Package Check Results for Package fc

Last updated on 2023-12-08 20:55:08 CET.

Flavor Version Tinstall Tcheck Ttotal Status Flags
r-devel-linux-x86_64-debian-clang 0.1.0 2.31 21.34 23.65 NOTE
r-devel-linux-x86_64-debian-gcc 0.1.0 1.64 16.89 18.53 NOTE
r-devel-linux-x86_64-fedora-clang 0.1.0 30.14 NOTE
r-devel-linux-x86_64-fedora-gcc 0.1.0 28.70 NOTE
r-devel-windows-x86_64 0.1.0 3.00 40.00 43.00 NOTE
r-patched-linux-x86_64 0.1.0 1.90 21.44 23.34 NOTE
r-release-linux-x86_64 0.1.0 2.21 20.90 23.11 NOTE
r-release-macos-arm64 0.1.0 15.00 NOTE
r-release-macos-x86_64 0.1.0 20.00 NOTE
r-release-windows-x86_64 0.1.0 4.00 38.00 42.00 NOTE
r-oldrel-macos-arm64 0.1.0 18.00 NOTE
r-oldrel-macos-x86_64 0.1.0 22.00 NOTE
r-oldrel-windows-x86_64 0.1.0 3.00 41.00 44.00 NOTE

Check Details

Version: 0.1.0
Check: LazyData
Result: NOTE 'LazyData' is specified without a 'data' directory Flavors: r-devel-linux-x86_64-debian-clang, r-devel-linux-x86_64-debian-gcc, r-devel-linux-x86_64-fedora-clang, r-devel-linux-x86_64-fedora-gcc, r-devel-windows-x86_64, r-patched-linux-x86_64, r-release-linux-x86_64, r-release-macos-arm64, r-release-macos-x86_64, r-release-windows-x86_64, r-oldrel-macos-arm64, r-oldrel-macos-x86_64, r-oldrel-windows-x86_64