Last updated on 2025-05-09 20:49:50 CEST.
Flavor | Version | Tinstall | Tcheck | Ttotal | Status | Flags |
---|---|---|---|---|---|---|
r-devel-linux-x86_64-debian-clang | 0.4.1 | 42.90 | 60.44 | 103.34 | NOTE | |
r-devel-linux-x86_64-debian-gcc | 0.4.1 | 33.42 | 42.43 | 75.85 | NOTE | |
r-devel-linux-x86_64-fedora-clang | 0.4.1 | 182.24 | NOTE | |||
r-devel-linux-x86_64-fedora-gcc | 0.4.1 | 195.15 | NOTE | |||
r-devel-windows-x86_64 | 0.4.1 | 56.00 | 99.00 | 155.00 | NOTE | |
r-patched-linux-x86_64 | 0.4.1 | 46.54 | 56.44 | 102.98 | NOTE | |
r-release-linux-x86_64 | 0.4.1 | 45.81 | 56.45 | 102.26 | NOTE | |
r-release-macos-arm64 | 0.4.1 | 53.00 | NOTE | |||
r-release-macos-x86_64 | 0.4.1 | 80.00 | NOTE | |||
r-release-windows-x86_64 | 0.4.1 | 58.00 | 107.00 | 165.00 | NOTE | |
r-oldrel-macos-arm64 | 0.4.1 | 46.00 | NOTE | |||
r-oldrel-macos-x86_64 | 0.4.1 | 64.00 | NOTE | |||
r-oldrel-windows-x86_64 | 0.4.1 | 66.00 | 116.00 | 182.00 | NOTE |
Version: 0.4.1
Check: Rd files
Result: NOTE
checkRd: (-1) plot.fbroc.conf.Rd:5: Lost braces
5 | \title{Plots function for object of class{fbroc.conf}}
| ^
Flavors: r-devel-linux-x86_64-debian-clang, r-devel-linux-x86_64-debian-gcc, r-devel-linux-x86_64-fedora-clang, r-devel-linux-x86_64-fedora-gcc, r-devel-windows-x86_64, r-patched-linux-x86_64, r-release-linux-x86_64, r-release-macos-arm64, r-release-macos-x86_64, r-release-windows-x86_64, r-oldrel-macos-arm64, r-oldrel-macos-x86_64, r-oldrel-windows-x86_64